{"id":57613,"date":"2022-11-28T15:43:31","date_gmt":"2022-11-28T14:43:31","guid":{"rendered":"https:\/\/old.mercatflors.cat\/?page_id=57613"},"modified":"2023-03-03T16:38:03","modified_gmt":"2023-03-03T15:38:03","slug":"estabilizacion","status":"publish","type":"page","link":"https:\/\/old.mercatflors.cat\/es\/el-mercat\/estabilizacion\/","title":{"rendered":"Estabilizaci\u00f3n"},"content":{"rendered":"<p>&nbsp;<\/p>\n<p><strong>Convocatoria de Procesos selectivos de estabilizaci\u00f3n de la temporalidad 2022 del Consorcio Mercat de les Flors:<\/strong><\/p>\n<p><a href=\"https:\/\/old.mercatflors.cat\/wp-content\/uploads\/2022\/11\/Bases-comunes-estabilitzaci\u00f3-temporalitat-22.pdf\"><span style=\"color: #0000ff;\">BASES COMUNES<\/span><\/a><\/p>\n<p>&nbsp;<\/p>\n<ul>\n<li><a href=\"https:\/\/old.mercatflors.cat\/es\/oferta-de-trabajo-jefe-de-produccion\/\"><strong>Jefe de producci\u00f3n<\/strong>PROCEDIMIENTO RESUELTO<\/a><\/li>\n<li><a href=\"https:\/\/old.mercatflors.cat\/es\/responsable-de-seccion-de-sonido-y-audio\/\"><strong>Responsable de Secci\u00f3n Sonido i Audio<\/strong>PROCEDIMIENTO RESUELTO<\/a><\/li>\n<li><a href=\"https:\/\/old.mercatflors.cat\/es\/oferta-de-trabajo-gestion-de-publico-y-taquillas\/\"><strong>Gesti\u00f3n de P\u00fablico y taquillas<\/strong>PROCEDIMIENTO RESUELTO<\/a><\/li>\n<li><a href=\"https:\/\/old.mercatflors.cat\/es\/oferta-de-trabajo-tecnico-de-sonido-y-audio\/\"><strong>T\u00e9cnico de sonido y audio<\/strong>PROCEDIMIENTO RESUELTO<\/a><\/li>\n<li><a href=\"https:\/\/old.mercatflors.cat\/es\/oferta-de-trabajo-administrativo\/\"><strong>Administrativo<\/strong>PROCEDIMIENTO RESUELTO<\/a><\/li>\n<li><a href=\"https:\/\/old.mercatflors.cat\/es\/oferta-de-trabajo-programas-educativos\/\"><strong>Programas educativos<\/strong>PROCEDIMIENTO RESUELTO<\/a><\/li>\n<li><a href=\"https:\/\/old.mercatflors.cat\/es\/oferta-de-trabajo-produccion-tecnica-2\/\"><strong>Producci\u00f3n t\u00e9cnica<\/strong>PROCEDIMIENTO RESUELTO<\/a><\/li>\n<li><a href=\"https:\/\/old.mercatflors.cat\/es\/oferta-de-trabajo-soporte-graner-2\/\"><strong>Soporte Graner<\/strong>PROCEDIMIENTO RESUELTO<\/a><\/li>\n<li><a href=\"https:\/\/old.mercatflors.cat\/es\/oferta-de-trabajo-soporte-tecnico-graner\/\"><strong>Soporte t\u00e9cnico Graner<\/strong>PROCEDIMIENTO RESUELTO<\/a><\/li>\n<li><a href=\"https:\/\/old.mercatflors.cat\/es\/oferta-de-trabajo-responsable-seccion-maquinaria\/\"><strong>Responsable secci\u00f3n maquinaria<\/strong>PROCEDIMIENTO RESUELTO<\/a><\/li>\n<li><a href=\"https:\/\/old.mercatflors.cat\/es\/oferta-de-trabajo-imagen-y-publicidad-2\/\"><strong>iMAGEn y PUBLICIdAd<\/strong>PROCEDIMIENTO RESUELTO<\/a><\/li>\n<li><a href=\"https:\/\/old.mercatflors.cat\/es\/oferta-de-trabajo-jefe-de-sala\/\"><strong>Jefe de sala<\/strong>PROCEDIMIENTO RESUELTO<\/a><\/li>\n<li><a href=\"https:\/\/old.mercatflors.cat\/es\/oferta-de-trabajo-tecnico-maquinista\/\"><strong>T\u00e9cnico maquinista<\/strong>PROCEDIMIENTO RESUELTO<\/a><\/li>\n<li><a href=\"https:\/\/old.mercatflors.cat\/es\/oferta-de-trabajo-tecnico-maquinista-2\/\"><strong>T\u00e9cnico el\u00e9ctrico<\/strong>PROCEDIMIENTO RESUELTO<\/a><\/li>\n<\/ul>\n<p><span style=\"color: #0000ff;\"><a style=\"color: #0000ff;\" href=\"https:\/\/old.mercatflors.cat\/informacio-basica-sobre-la-proteccio-de-dades\/\" target=\"_top\">Informaci\u00f3n b\u00e1sica sobre la protecci\u00f3n de datos<\/a><\/span><\/p>\n","protected":false},"excerpt":{"rendered":"<p>&nbsp; Convocatoria de Procesos selectivos de estabilizaci\u00f3n de la temporalidad [&hellip;]<\/p>\n","protected":false},"author":1,"featured_media":0,"parent":711,"menu_order":0,"comment_status":"closed","ping_status":"closed","template":"template-blocs-grocs.php","meta":[],"_links":{"self":[{"href":"https:\/\/old.mercatflors.cat\/es\/wp-json\/wp\/v2\/pages\/57613\/"}],"collection":[{"href":"https:\/\/old.mercatflors.cat\/es\/wp-json\/wp\/v2\/pages\/"}],"about":[{"href":"https:\/\/old.mercatflors.cat\/es\/wp-json\/wp\/v2\/types\/page\/"}],"author":[{"embeddable":true,"href":"https:\/\/old.mercatflors.cat\/es\/wp-json\/wp\/v2\/users\/1\/"}],"replies":[{"embeddable":true,"href":"https:\/\/old.mercatflors.cat\/es\/wp-json\/wp\/v2\/comments\/?post=57613"}],"version-history":[{"count":0,"href":"https:\/\/old.mercatflors.cat\/es\/wp-json\/wp\/v2\/pages\/57613\/revisions\/"}],"up":[{"embeddable":true,"href":"https:\/\/old.mercatflors.cat\/es\/wp-json\/wp\/v2\/pages\/711\/"}],"wp:attachment":[{"href":"https:\/\/old.mercatflors.cat\/es\/wp-json\/wp\/v2\/media\/?parent=57613"}],"curies":[{"name":"wp","href":"https:\/\/api.w.org\/{rel}","templated":true}]}}

Estabilización

<p>&nbsp;</p>
<p><strong>Convocatoria de Procesos selectivos de estabilización de la temporalidad 2022 del Consorcio Mercat de les Flors:</strong></p>
<p><a href="https://old.mercatflors.cat/wp-content/uploads/2022/11/Bases-comunes-estabilització-temporalitat-22.pdf"><span style="color: #0000ff;">BASES COMUNES</span></a></p>
<p>&nbsp;</p>
<ul>
<li><a href="https://old.mercatflors.cat/es/oferta-de-trabajo-jefe-de-produccion/"><strong>Jefe de producción</strong>PROCEDIMIENTO RESUELTO</a></li>
<li><a href="https://old.mercatflors.cat/es/responsable-de-seccion-de-sonido-y-audio/"><strong>Responsable de Sección Sonido i Audio</strong>PROCEDIMIENTO RESUELTO</a></li>
<li><a href="https://old.mercatflors.cat/es/oferta-de-trabajo-gestion-de-publico-y-taquillas/"><strong>Gestión de Público y taquillas</strong>PROCEDIMIENTO RESUELTO</a></li>
<li><a href="https://old.mercatflors.cat/es/oferta-de-trabajo-tecnico-de-sonido-y-audio/"><strong>Técnico de sonido y audio</strong>PROCEDIMIENTO RESUELTO</a></li>
<li><a href="https://old.mercatflors.cat/es/oferta-de-trabajo-administrativo/"><strong>Administrativo</strong>PROCEDIMIENTO RESUELTO</a></li>
<li><a href="https://old.mercatflors.cat/es/oferta-de-trabajo-programas-educativos/"><strong>Programas educativos</strong>PROCEDIMIENTO RESUELTO</a></li>
<li><a href="https://old.mercatflors.cat/es/oferta-de-trabajo-produccion-tecnica-2/"><strong>Producción técnica</strong>PROCEDIMIENTO RESUELTO</a></li>
<li><a href="https://old.mercatflors.cat/es/oferta-de-trabajo-soporte-graner-2/"><strong>Soporte Graner</strong>PROCEDIMIENTO RESUELTO</a></li>
<li><a href="https://old.mercatflors.cat/es/oferta-de-trabajo-soporte-tecnico-graner/"><strong>Soporte técnico Graner</strong>PROCEDIMIENTO RESUELTO</a></li>
<li><a href="https://old.mercatflors.cat/es/oferta-de-trabajo-responsable-seccion-maquinaria/"><strong>Responsable sección maquinaria</strong>PROCEDIMIENTO RESUELTO</a></li>
<li><a href="https://old.mercatflors.cat/es/oferta-de-trabajo-imagen-y-publicidad-2/"><strong>iMAGEn y PUBLICIdAd</strong>PROCEDIMIENTO RESUELTO</a></li>
<li><a href="https://old.mercatflors.cat/es/oferta-de-trabajo-jefe-de-sala/"><strong>Jefe de sala</strong>PROCEDIMIENTO RESUELTO</a></li>
<li><a href="https://old.mercatflors.cat/es/oferta-de-trabajo-tecnico-maquinista/"><strong>Técnico maquinista</strong>PROCEDIMIENTO RESUELTO</a></li>
<li><a href="https://old.mercatflors.cat/es/oferta-de-trabajo-tecnico-maquinista-2/"><strong>Técnico eléctrico</strong>PROCEDIMIENTO RESUELTO</a></li>
</ul>
<p><span style="color: #0000ff;"><a style="color: #0000ff;" href="https://old.mercatflors.cat/informacio-basica-sobre-la-proteccio-de-dades/" target="_top">Información básica sobre la protección de datos</a></span></p>

<p>&nbsp; Convocatoria de Procesos selectivos de estabilización de la temporalidad [&hellip;]</p>
