{"id":57614,"date":"2022-11-28T14:33:47","date_gmt":"2022-11-28T13:33:47","guid":{"rendered":"https:\/\/old.mercatflors.cat\/?page_id=57614"},"modified":"2023-03-03T16:29:40","modified_gmt":"2023-03-03T15:29:40","slug":"responsable-de-seccion-de-sonido-y-audio","status":"publish","type":"page","link":"https:\/\/old.mercatflors.cat\/es\/responsable-de-seccion-de-sonido-y-audio\/","title":{"rendered":"Oferta de trabajo RESPONSABLE DE SECCI\u00d3N DE SONIDO Y AUDIO"},"content":{"rendered":"<p><strong>Denominaci\u00f3n del puesto:<\/strong> Responsable de Secci\u00f3n Sonido y Audio (Exp. F22-250)<br \/>\n<strong>Sistema de selecci\u00f3n:<\/strong> Concurso Oposici\u00f3n Simplificado<br \/>\n<strong>Grupo y Subgrupo:<\/strong> C \/ C1<br \/>\n<strong>Categor\u00eda:<\/strong> T\u00e9cnico Auxiliar<br \/>\n<strong>Nivel:<\/strong> 18<br \/>\n<strong>N\u00famero de plazas:<\/strong> 1<br \/>\n<strong>Jornada:<\/strong> Completa<br \/>\n<strong>Fecha de publicaci\u00f3n:<\/strong>\u00a024 de noviembre de 2022<br \/>\n<strong>Fecha l\u00edmite presentaci\u00f3n solicitudes:<\/strong> 27 de diciembre de 2022 a las 23:59<\/p>\n<p>Contacto: rrhh@mercatflors.cat<\/p>\n<p>Documentos:<\/p>\n<p><span style=\"color: #0000ff;\"><a style=\"color: #0000ff;\" href=\"https:\/\/old.mercatflors.cat\/wp-content\/uploads\/2022\/11\/Fitxa-RESP.-SEC.-SO-I-\u00c0UDIO.pdf\">Ficha del lugar de trabajo<\/a><\/span><\/p>\n<p><span style=\"color: #0000ff;\"><a style=\"color: #0000ff;\" href=\"https:\/\/old.mercatflors.cat\/wp-content\/uploads\/2022\/11\/F22-250-Resp.-S.-So-i-\u00c0udio-Bases-espec\u00edfiques.pdf\">Bases espec\u00edficas de la oferta<\/a><\/span><\/p>\n<p><span style=\"color: #0000ff;\"><a style=\"color: #0000ff;\" href=\"https:\/\/old.mercatflors.cat\/mdlfrrhh\/oferta\/et22_resp_sec_audio-video\/\">Formulario<\/a><\/span><\/p>\n<p><a href=\"https:\/\/old.mercatflors.cat\/wp-content\/uploads\/2023\/01\/RSA-Relaci\u00f3-PROVISIONAL-dadmesos-i-exclosos.pdf\"><span style=\"color: #0000ff;\">Listado de admitidos y excluidos provisional<\/span><\/a><\/p>\n<p><span style=\"color: #0000ff;\"><a style=\"color: #0000ff;\" href=\"https:\/\/old.mercatflors.cat\/wp-content\/uploads\/2023\/02\/RSA-Puntuaci\u00f3-provisional-de-Valoraci\u00f3-de-M\u00e8rits.pdf\">Puntuaci\u00f3n provisional de Valoraci\u00f3n de M\u00e9ritos<\/a><\/span><\/p>\n<p><span style=\"color: #0000ff;\"><a style=\"color: #0000ff;\" href=\"https:\/\/old.mercatflors.cat\/wp-content\/uploads\/2023\/02\/RSA-Puntuacio\u0301-provisional-de-la-Prova-Oposicio\u0301-1.pdf\">Puntuacio\u0301n provisional de la Prueba Oposicio\u0301n<\/a><\/span><\/p>\n<p><a href=\"https:\/\/old.mercatflors.cat\/wp-content\/uploads\/2023\/03\/RSA-Proposta-de-contractaci\u00f3.pdf\"><span style=\"color: #0000ff;\">Propuesta de contrataci\u00f3n<\/span><\/a><\/p>\n","protected":false},"excerpt":{"rendered":"<p>Denominaci\u00f3n del puesto: Responsable de Secci\u00f3n Sonido y Audio (Exp. [&hellip;]<\/p>\n","protected":false},"author":1,"featured_media":0,"parent":0,"menu_order":0,"comment_status":"closed","ping_status":"closed","template":"","meta":[],"_links":{"self":[{"href":"https:\/\/old.mercatflors.cat\/es\/wp-json\/wp\/v2\/pages\/57614\/"}],"collection":[{"href":"https:\/\/old.mercatflors.cat\/es\/wp-json\/wp\/v2\/pages\/"}],"about":[{"href":"https:\/\/old.mercatflors.cat\/es\/wp-json\/wp\/v2\/types\/page\/"}],"author":[{"embeddable":true,"href":"https:\/\/old.mercatflors.cat\/es\/wp-json\/wp\/v2\/users\/1\/"}],"replies":[{"embeddable":true,"href":"https:\/\/old.mercatflors.cat\/es\/wp-json\/wp\/v2\/comments\/?post=57614"}],"version-history":[{"count":0,"href":"https:\/\/old.mercatflors.cat\/es\/wp-json\/wp\/v2\/pages\/57614\/revisions\/"}],"wp:attachment":[{"href":"https:\/\/old.mercatflors.cat\/es\/wp-json\/wp\/v2\/media\/?parent=57614"}],"curies":[{"name":"wp","href":"https:\/\/api.w.org\/{rel}","templated":true}]}}

Oferta de trabajo RESPONSABLE DE SECCIÓN DE SONIDO Y AUDIO

<p><strong>Denominación del puesto:</strong> Responsable de Sección Sonido y Audio (Exp. F22-250)<br />
<strong>Sistema de selección:</strong> Concurso Oposición Simplificado<br />
<strong>Grupo y Subgrupo:</strong> C / C1<br />
<strong>Categoría:</strong> Técnico Auxiliar<br />
<strong>Nivel:</strong> 18<br />
<strong>Número de plazas:</strong> 1<br />
<strong>Jornada:</strong> Completa<br />
<strong>Fecha de publicación:</strong> 24 de noviembre de 2022<br />
<strong>Fecha límite presentación solicitudes:</strong> 27 de diciembre de 2022 a las 23:59</p>
<p>Contacto: rrhh@mercatflors.cat</p>
<p>Documentos:</p>
<p><span style="color: #0000ff;"><a style="color: #0000ff;" href="https://old.mercatflors.cat/wp-content/uploads/2022/11/Fitxa-RESP.-SEC.-SO-I-ÀUDIO.pdf">Ficha del lugar de trabajo</a></span></p>
<p><span style="color: #0000ff;"><a style="color: #0000ff;" href="https://old.mercatflors.cat/wp-content/uploads/2022/11/F22-250-Resp.-S.-So-i-Àudio-Bases-específiques.pdf">Bases específicas de la oferta</a></span></p>
<p><span style="color: #0000ff;"><a style="color: #0000ff;" href="https://old.mercatflors.cat/mdlfrrhh/oferta/et22_resp_sec_audio-video/">Formulario</a></span></p>
<p><a href="https://old.mercatflors.cat/wp-content/uploads/2023/01/RSA-Relació-PROVISIONAL-dadmesos-i-exclosos.pdf"><span style="color: #0000ff;">Listado de admitidos y excluidos provisional</span></a></p>
<p><span style="color: #0000ff;"><a style="color: #0000ff;" href="https://old.mercatflors.cat/wp-content/uploads/2023/02/RSA-Puntuació-provisional-de-Valoració-de-Mèrits.pdf">Puntuación provisional de Valoración de Méritos</a></span></p>
<p><span style="color: #0000ff;"><a style="color: #0000ff;" href="https://old.mercatflors.cat/wp-content/uploads/2023/02/RSA-Puntuació-provisional-de-la-Prova-Oposició-1.pdf">Puntuación provisional de la Prueba Oposición</a></span></p>
<p><a href="https://old.mercatflors.cat/wp-content/uploads/2023/03/RSA-Proposta-de-contractació.pdf"><span style="color: #0000ff;">Propuesta de contratación</span></a></p>

<p>Denominación del puesto: Responsable de Sección Sonido y Audio (Exp. [&hellip;]</p>
