{"id":57617,"date":"2022-11-28T14:42:35","date_gmt":"2022-11-28T13:42:35","guid":{"rendered":"https:\/\/old.mercatflors.cat\/?page_id=57617"},"modified":"2023-02-16T12:44:39","modified_gmt":"2023-02-16T11:44:39","slug":"oferta-de-trabajo-gestion-de-publico-y-taquillas","status":"publish","type":"page","link":"https:\/\/old.mercatflors.cat\/es\/oferta-de-trabajo-gestion-de-publico-y-taquillas\/","title":{"rendered":"Oferta de Trabajo GESTI\u00d3N DE P\u00daBLICO Y TAQUILLAS"},"content":{"rendered":"<p><strong>Denominaci\u00f3n del puesto:<\/strong> Gesti\u00f3n de p\u00fablico y taquillas (Exp. F22-251)<br \/>\n<strong>Sistema de selecci\u00f3n:<\/strong> Concurso de m\u00e9ritos<br \/>\n<strong>Grupo y Subgrupo:<\/strong> C \/ C1<br \/>\n<strong>Categor\u00eda:<\/strong> T\u00e9cnico Auxiliar<br \/>\n<strong>Nivel:<\/strong> 18<br \/>\n<strong>N\u00famero de plazas:<\/strong> 1<br \/>\n<strong>Jornada:<\/strong> Completa<br \/>\n<strong>Fecha de publicaci\u00f3n:<\/strong>\u00a024 de noviembre de 2022<br \/>\n<strong>Fecha l\u00edmite presentaci\u00f3n solicitudes:<\/strong> 27 de diciembre de 2022 a las 23:59<\/p>\n<p>Contacto: rrhh@mercatflors.cat<\/p>\n<p>Documentos:<\/p>\n<p><span style=\"color: #0000ff;\"><a style=\"color: #0000ff;\" href=\"https:\/\/old.mercatflors.cat\/wp-content\/uploads\/2022\/11\/Fitxa-GESTI\u00d3-P\u00daBLIC-I-TAQUILLES.pdf\">Ficha del lugar de trabajo<\/a><\/span><\/p>\n<p><span style=\"color: #0000ff;\"><a style=\"color: #0000ff;\" href=\"https:\/\/old.mercatflors.cat\/wp-content\/uploads\/2022\/11\/F22-251-Gesti\u00f3-P.-i-Taq.-Bases-espec\u00edfiques.pdf\">Bases espec\u00edficas de la oferta<\/a><\/span><\/p>\n<p><span style=\"color: #0000ff;\"><a style=\"color: #0000ff;\" href=\"https:\/\/old.mercatflors.cat\/mdlfrrhh\/oferta\/et22_gestio_public_taquilles\/\">Formulario<\/a><\/span><\/p>\n<p><span style=\"color: #0000ff;\"><a style=\"color: #0000ff;\" href=\"https:\/\/old.mercatflors.cat\/wp-content\/uploads\/2023\/01\/GPT-Relaci\u00f3-PROVISIONAL-dadmesos-i-exclosos.pdf\">Listado de admitidos y excluidos provisional<\/a><\/span><\/p>\n<p><span style=\"color: #0000ff;\"><a style=\"color: #0000ff;\" href=\"https:\/\/old.mercatflors.cat\/wp-content\/uploads\/2023\/02\/GPT-Puntuaci\u00f3-provisional-de-Valoraci\u00f3-de-M\u00e8rits.pdf\">Puntuaci\u00f3n provisional de Valoraci\u00f3n de M\u00e9ritos<\/a><\/span><\/p>\n<p><span style=\"color: #0000ff;\"><a style=\"color: #0000ff;\" href=\"https:\/\/old.mercatflors.cat\/wp-content\/uploads\/2023\/02\/GPT-Proposta-de-contractaci\u00f3.pdf\">Propuesta de contrataci\u00f3n<\/a><\/span><\/p>\n","protected":false},"excerpt":{"rendered":"<p>Denominaci\u00f3n del puesto: Gesti\u00f3n de p\u00fablico y taquillas (Exp. F22-251) [&hellip;]<\/p>\n","protected":false},"author":1,"featured_media":0,"parent":0,"menu_order":0,"comment_status":"closed","ping_status":"closed","template":"","meta":[],"_links":{"self":[{"href":"https:\/\/old.mercatflors.cat\/es\/wp-json\/wp\/v2\/pages\/57617\/"}],"collection":[{"href":"https:\/\/old.mercatflors.cat\/es\/wp-json\/wp\/v2\/pages\/"}],"about":[{"href":"https:\/\/old.mercatflors.cat\/es\/wp-json\/wp\/v2\/types\/page\/"}],"author":[{"embeddable":true,"href":"https:\/\/old.mercatflors.cat\/es\/wp-json\/wp\/v2\/users\/1\/"}],"replies":[{"embeddable":true,"href":"https:\/\/old.mercatflors.cat\/es\/wp-json\/wp\/v2\/comments\/?post=57617"}],"version-history":[{"count":0,"href":"https:\/\/old.mercatflors.cat\/es\/wp-json\/wp\/v2\/pages\/57617\/revisions\/"}],"wp:attachment":[{"href":"https:\/\/old.mercatflors.cat\/es\/wp-json\/wp\/v2\/media\/?parent=57617"}],"curies":[{"name":"wp","href":"https:\/\/api.w.org\/{rel}","templated":true}]}}

Oferta de Trabajo GESTIÓN DE PÚBLICO Y TAQUILLAS

<p><strong>Denominación del puesto:</strong> Gestión de público y taquillas (Exp. F22-251)<br />
<strong>Sistema de selección:</strong> Concurso de méritos<br />
<strong>Grupo y Subgrupo:</strong> C / C1<br />
<strong>Categoría:</strong> Técnico Auxiliar<br />
<strong>Nivel:</strong> 18<br />
<strong>Número de plazas:</strong> 1<br />
<strong>Jornada:</strong> Completa<br />
<strong>Fecha de publicación:</strong> 24 de noviembre de 2022<br />
<strong>Fecha límite presentación solicitudes:</strong> 27 de diciembre de 2022 a las 23:59</p>
<p>Contacto: rrhh@mercatflors.cat</p>
<p>Documentos:</p>
<p><span style="color: #0000ff;"><a style="color: #0000ff;" href="https://old.mercatflors.cat/wp-content/uploads/2022/11/Fitxa-GESTIÓ-PÚBLIC-I-TAQUILLES.pdf">Ficha del lugar de trabajo</a></span></p>
<p><span style="color: #0000ff;"><a style="color: #0000ff;" href="https://old.mercatflors.cat/wp-content/uploads/2022/11/F22-251-Gestió-P.-i-Taq.-Bases-específiques.pdf">Bases específicas de la oferta</a></span></p>
<p><span style="color: #0000ff;"><a style="color: #0000ff;" href="https://old.mercatflors.cat/mdlfrrhh/oferta/et22_gestio_public_taquilles/">Formulario</a></span></p>
<p><span style="color: #0000ff;"><a style="color: #0000ff;" href="https://old.mercatflors.cat/wp-content/uploads/2023/01/GPT-Relació-PROVISIONAL-dadmesos-i-exclosos.pdf">Listado de admitidos y excluidos provisional</a></span></p>
<p><span style="color: #0000ff;"><a style="color: #0000ff;" href="https://old.mercatflors.cat/wp-content/uploads/2023/02/GPT-Puntuació-provisional-de-Valoració-de-Mèrits.pdf">Puntuación provisional de Valoración de Méritos</a></span></p>
<p><span style="color: #0000ff;"><a style="color: #0000ff;" href="https://old.mercatflors.cat/wp-content/uploads/2023/02/GPT-Proposta-de-contractació.pdf">Propuesta de contratación</a></span></p>

<p>Denominación del puesto: Gestión de público y taquillas (Exp. F22-251) [&hellip;]</p>
