{"id":57631,"date":"2022-11-28T15:15:03","date_gmt":"2022-11-28T14:15:03","guid":{"rendered":"https:\/\/old.mercatflors.cat\/?page_id=57631"},"modified":"2023-02-16T12:39:50","modified_gmt":"2023-02-16T11:39:50","slug":"oferta-de-trabajo-soporte-graner-2","status":"publish","type":"page","link":"https:\/\/old.mercatflors.cat\/es\/oferta-de-trabajo-soporte-graner-2\/","title":{"rendered":"Oferta de Trabajo SOPORTE GRANER"},"content":{"rendered":"<p><strong>Denominaci\u00f3n del puesto:<\/strong> Soporte Graner (Exp. F22-257)<br \/>\n<strong>Sistema de selecci\u00f3n:<\/strong> Concurso de m\u00e9ritos<br \/>\n<strong>Grupo y Subgrupo:<\/strong> C \/ C1<br \/>\n<strong>Categor\u00eda:<\/strong> T\u00e9cnico Auxiliar<br \/>\n<strong>Nivel:<\/strong> 18<br \/>\n<strong>N\u00famero de plazas:<\/strong> 1<br \/>\n<strong>Jornada:<\/strong> Completa<br \/>\n<strong>Fecha de publicaci\u00f3n:<\/strong>\u00a024 de noviembre de 2022<br \/>\n<strong>Fecha l\u00edmite presentaci\u00f3n solicitudes:<\/strong> 27 de diciembre de 2022 a las 23:59<\/p>\n<p>Contacto: rrhh@mercatflors.cat<\/p>\n<p>Documentos:<\/p>\n<p><a href=\"https:\/\/old.mercatflors.cat\/wp-content\/uploads\/2022\/11\/Fitxa-SUPORT-GRANER.pdf\"><span style=\"color: #0000ff;\">Ficha del lugar de trabajo<\/span><\/a><\/p>\n<p><a href=\"https:\/\/old.mercatflors.cat\/wp-content\/uploads\/2022\/11\/F22-257-Suport-Graner-Bases-espec\u00edfiques.pdf\"><span style=\"color: #0000ff;\">Bases espec\u00edficas de la oferta<\/span><\/a><\/p>\n<p><span style=\"color: #0000ff;\"><a style=\"color: #0000ff;\" href=\"https:\/\/old.mercatflors.cat\/mdlfrrhh\/oferta\/et22_suport_graner\/\">Formulario<\/a><\/span><\/p>\n<p><span style=\"color: #0000ff;\"><a style=\"color: #0000ff;\" href=\"https:\/\/old.mercatflors.cat\/wp-content\/uploads\/2023\/01\/SPG-Relaci\u00f3-PROVISIONAL-dadmesos-i-exclosos.pdf\">Listado de admitidos y excluidos provisional<\/a><\/span><\/p>\n<p><span style=\"color: #0000ff;\"><a style=\"color: #0000ff;\" href=\"https:\/\/old.mercatflors.cat\/wp-content\/uploads\/2023\/02\/SPG-Puntuaci\u00f3-provisional-de-Valoraci\u00f3-de-M\u00e8rits.pdf\">Puntuaci\u00f3n provisional de Valoraci\u00f3n de M\u00e9ritos<\/a><\/span><\/p>\n<p><span style=\"color: #0000ff;\"><a style=\"color: #0000ff;\" href=\"https:\/\/old.mercatflors.cat\/wp-content\/uploads\/2023\/02\/SPG-Proposta-de-contractaci\u00f3.pdf\">Propuesta de contrataci\u00f3n<\/a><\/span><\/p>\n","protected":false},"excerpt":{"rendered":"<p>Denominaci\u00f3n del puesto: Soporte Graner (Exp. F22-257) Sistema de selecci\u00f3n: [&hellip;]<\/p>\n","protected":false},"author":1,"featured_media":0,"parent":0,"menu_order":0,"comment_status":"closed","ping_status":"closed","template":"","meta":[],"_links":{"self":[{"href":"https:\/\/old.mercatflors.cat\/es\/wp-json\/wp\/v2\/pages\/57631\/"}],"collection":[{"href":"https:\/\/old.mercatflors.cat\/es\/wp-json\/wp\/v2\/pages\/"}],"about":[{"href":"https:\/\/old.mercatflors.cat\/es\/wp-json\/wp\/v2\/types\/page\/"}],"author":[{"embeddable":true,"href":"https:\/\/old.mercatflors.cat\/es\/wp-json\/wp\/v2\/users\/1\/"}],"replies":[{"embeddable":true,"href":"https:\/\/old.mercatflors.cat\/es\/wp-json\/wp\/v2\/comments\/?post=57631"}],"version-history":[{"count":0,"href":"https:\/\/old.mercatflors.cat\/es\/wp-json\/wp\/v2\/pages\/57631\/revisions\/"}],"wp:attachment":[{"href":"https:\/\/old.mercatflors.cat\/es\/wp-json\/wp\/v2\/media\/?parent=57631"}],"curies":[{"name":"wp","href":"https:\/\/api.w.org\/{rel}","templated":true}]}}

<p><strong>Denominación del puesto:</strong> Soporte Graner (Exp. F22-257)<br />
<strong>Sistema de selección:</strong> Concurso de méritos<br />
<strong>Grupo y Subgrupo:</strong> C / C1<br />
<strong>Categoría:</strong> Técnico Auxiliar<br />
<strong>Nivel:</strong> 18<br />
<strong>Número de plazas:</strong> 1<br />
<strong>Jornada:</strong> Completa<br />
<strong>Fecha de publicación:</strong> 24 de noviembre de 2022<br />
<strong>Fecha límite presentación solicitudes:</strong> 27 de diciembre de 2022 a las 23:59</p>
<p>Contacto: rrhh@mercatflors.cat</p>
<p>Documentos:</p>
<p><a href="https://old.mercatflors.cat/wp-content/uploads/2022/11/Fitxa-SUPORT-GRANER.pdf"><span style="color: #0000ff;">Ficha del lugar de trabajo</span></a></p>
<p><a href="https://old.mercatflors.cat/wp-content/uploads/2022/11/F22-257-Suport-Graner-Bases-específiques.pdf"><span style="color: #0000ff;">Bases específicas de la oferta</span></a></p>
<p><span style="color: #0000ff;"><a style="color: #0000ff;" href="https://old.mercatflors.cat/mdlfrrhh/oferta/et22_suport_graner/">Formulario</a></span></p>
<p><span style="color: #0000ff;"><a style="color: #0000ff;" href="https://old.mercatflors.cat/wp-content/uploads/2023/01/SPG-Relació-PROVISIONAL-dadmesos-i-exclosos.pdf">Listado de admitidos y excluidos provisional</a></span></p>
<p><span style="color: #0000ff;"><a style="color: #0000ff;" href="https://old.mercatflors.cat/wp-content/uploads/2023/02/SPG-Puntuació-provisional-de-Valoració-de-Mèrits.pdf">Puntuación provisional de Valoración de Méritos</a></span></p>
<p><span style="color: #0000ff;"><a style="color: #0000ff;" href="https://old.mercatflors.cat/wp-content/uploads/2023/02/SPG-Proposta-de-contractació.pdf">Propuesta de contratación</a></span></p>

<p>Denominación del puesto: Soporte Graner (Exp. F22-257) Sistema de selección: [&hellip;]</p>
