{"id":57850,"date":"2022-12-23T12:31:40","date_gmt":"2022-12-23T11:31:40","guid":{"rendered":"https:\/\/old.mercatflors.cat\/?page_id=57850"},"modified":"2023-02-16T12:46:24","modified_gmt":"2023-02-16T11:46:24","slug":"oferta-de-trabajo-jefe-de-produccion","status":"publish","type":"page","link":"https:\/\/old.mercatflors.cat\/es\/oferta-de-trabajo-jefe-de-produccion\/","title":{"rendered":"Oferta de Trabajo JEFE DE PRODUCCI\u00d3N"},"content":{"rendered":"<p><strong>Denominaci\u00f3n del puesto:<\/strong> Jefe de producci\u00f3n (Exp. F22-253)<br \/>\n<strong>Sistema de selecci\u00f3n:<\/strong> Concurso de m\u00e9ritos<br \/>\n<strong>Grupo y Subgrupo:<\/strong> A \/ A2<br \/>\n<strong>Categor\u00eda:<\/strong> T\u00e9cnico Medio<br \/>\n<strong>Nivel:<\/strong> 24<br \/>\n<strong>N\u00famero de plazas:<\/strong>\u00a01<br \/>\n<strong>Jornada:<\/strong>\u00a0Completa<br \/>\n<strong>Fecha de publicaci\u00f3n:<\/strong>\u00a023 de diciembre de 2022<br \/>\n<strong>Fecha l\u00edmite presentaci\u00f3n solicitudes:<\/strong>\u00a023 de enero de 2023 a las 23:59<\/p>\n<p>Contacto: rrhh@mercatflors.cat<\/p>\n<p>Documentos:<\/p>\n<p><a href=\"https:\/\/old.mercatflors.cat\/wp-content\/uploads\/2022\/12\/Fitxa-CAP-PRODUCCIO\u0301.pdf\"><span style=\"color: #0000ff;\">Ficha del puesto de trabajo<\/span><\/a><\/p>\n<p><a href=\"https:\/\/old.mercatflors.cat\/wp-content\/uploads\/2022\/12\/F22-253-Cap-Produccio\u0301-Bases-especi\u0301fiques.pdf\"><span style=\"color: #0000ff;\">Bases espec\u00edficas de la oferta<\/span><\/a><\/p>\n<p><a href=\"https:\/\/old.mercatflors.cat\/mdlfrrhh\/oferta\/et22_cap_produccio\/\"><span style=\"color: #0000ff;\">Formulario<\/span><\/a><\/p>\n<p><a href=\"https:\/\/old.mercatflors.cat\/wp-content\/uploads\/2023\/01\/CPR-Relaci\u00f3-PROVISIONAL-dadmesos-i-exclosos.pdf\"><span style=\"color: #0000ff;\">Listado de admitidos y excluidos provisional<\/span><\/a><\/p>\n<p><span style=\"color: #0000ff;\"><a style=\"color: #0000ff;\" href=\"https:\/\/old.mercatflors.cat\/wp-content\/uploads\/2023\/02\/CPR-Puntuaci\u00f3-provisional-de-Valoraci\u00f3-de-M\u00e8rits.pdf\">Puntuaci\u00f3n provisional de Valoraci\u00f3n de M\u00e9ritos<\/a><\/span><\/p>\n<p><span style=\"color: #0000ff;\"><a style=\"color: #0000ff;\" href=\"https:\/\/old.mercatflors.cat\/wp-content\/uploads\/2023\/02\/CPR-Proposta-de-contractaci\u00f3.pdf\">Propuesta de contrataci\u00f3n<\/a><\/span><\/p>\n","protected":false},"excerpt":{"rendered":"<p>Denominaci\u00f3n del puesto: Jefe de producci\u00f3n (Exp. F22-253) Sistema de [&hellip;]<\/p>\n","protected":false},"author":1,"featured_media":0,"parent":0,"menu_order":0,"comment_status":"closed","ping_status":"closed","template":"","meta":[],"_links":{"self":[{"href":"https:\/\/old.mercatflors.cat\/es\/wp-json\/wp\/v2\/pages\/57850\/"}],"collection":[{"href":"https:\/\/old.mercatflors.cat\/es\/wp-json\/wp\/v2\/pages\/"}],"about":[{"href":"https:\/\/old.mercatflors.cat\/es\/wp-json\/wp\/v2\/types\/page\/"}],"author":[{"embeddable":true,"href":"https:\/\/old.mercatflors.cat\/es\/wp-json\/wp\/v2\/users\/1\/"}],"replies":[{"embeddable":true,"href":"https:\/\/old.mercatflors.cat\/es\/wp-json\/wp\/v2\/comments\/?post=57850"}],"version-history":[{"count":0,"href":"https:\/\/old.mercatflors.cat\/es\/wp-json\/wp\/v2\/pages\/57850\/revisions\/"}],"wp:attachment":[{"href":"https:\/\/old.mercatflors.cat\/es\/wp-json\/wp\/v2\/media\/?parent=57850"}],"curies":[{"name":"wp","href":"https:\/\/api.w.org\/{rel}","templated":true}]}}

Oferta de Trabajo JEFE DE PRODUCCIÓN

<p><strong>Denominación del puesto:</strong> Jefe de producción (Exp. F22-253)<br />
<strong>Sistema de selección:</strong> Concurso de méritos<br />
<strong>Grupo y Subgrupo:</strong> A / A2<br />
<strong>Categoría:</strong> Técnico Medio<br />
<strong>Nivel:</strong> 24<br />
<strong>Número de plazas:</strong> 1<br />
<strong>Jornada:</strong> Completa<br />
<strong>Fecha de publicación:</strong> 23 de diciembre de 2022<br />
<strong>Fecha límite presentación solicitudes:</strong> 23 de enero de 2023 a las 23:59</p>
<p>Contacto: rrhh@mercatflors.cat</p>
<p>Documentos:</p>
<p><a href="https://old.mercatflors.cat/wp-content/uploads/2022/12/Fitxa-CAP-PRODUCCIÓ.pdf"><span style="color: #0000ff;">Ficha del puesto de trabajo</span></a></p>
<p><a href="https://old.mercatflors.cat/wp-content/uploads/2022/12/F22-253-Cap-Producció-Bases-específiques.pdf"><span style="color: #0000ff;">Bases específicas de la oferta</span></a></p>
<p><a href="https://old.mercatflors.cat/mdlfrrhh/oferta/et22_cap_produccio/"><span style="color: #0000ff;">Formulario</span></a></p>
<p><a href="https://old.mercatflors.cat/wp-content/uploads/2023/01/CPR-Relació-PROVISIONAL-dadmesos-i-exclosos.pdf"><span style="color: #0000ff;">Listado de admitidos y excluidos provisional</span></a></p>
<p><span style="color: #0000ff;"><a style="color: #0000ff;" href="https://old.mercatflors.cat/wp-content/uploads/2023/02/CPR-Puntuació-provisional-de-Valoració-de-Mèrits.pdf">Puntuación provisional de Valoración de Méritos</a></span></p>
<p><span style="color: #0000ff;"><a style="color: #0000ff;" href="https://old.mercatflors.cat/wp-content/uploads/2023/02/CPR-Proposta-de-contractació.pdf">Propuesta de contratación</a></span></p>

<p>Denominación del puesto: Jefe de producción (Exp. F22-253) Sistema de [&hellip;]</p>
