{"id":58345,"date":"2023-02-17T14:15:34","date_gmt":"2023-02-17T13:15:34","guid":{"rendered":"https:\/\/old.mercatflors.cat\/?page_id=58345"},"modified":"2023-04-28T13:07:05","modified_gmt":"2023-04-28T12:07:05","slug":"oferta-de-trabajo-gestion-juridica-2","status":"publish","type":"page","link":"https:\/\/old.mercatflors.cat\/es\/oferta-de-trabajo-gestion-juridica-2\/","title":{"rendered":"Oferta de trabajo GESTI\u00d3N JUR\u00cdDICA"},"content":{"rendered":"<p><strong>Denominaci\u00f3n del lugar:<\/strong>\u00a0GESTI\u00d3N JUR\u00cdDICA<br \/>\n<strong>Condicionante:<\/strong>\u00a0Oferta interadministrativa a personal fijo del Ajuntament de Barcelona, Generalitat de Catalunya y Consorci Mercat de les Flors<br \/>\n<strong>Tipolog\u00eda:<\/strong> T\u00c9CNICO SUPERIOR<br \/>\n<strong>Fecha de incorporaci\u00f3n:<\/strong> Finalizaci\u00f3n del proceso de selecci\u00f3n y en funci\u00f3n de los proyectos requeridos<br \/>\n<strong>Jornada Laboral:<\/strong> Jornada Completa (media de 37,5 horas semanales)<br \/>\n<strong>Fecha de publicaci\u00f3n:<\/strong> Anuncio tramitado en el BOP. Se preve que salga publicado el mi\u00e9rcoles 22 de febrero<br \/>\n<strong>Fecha l\u00edmite presentaci\u00f3n\u00a0de candidaturas:<\/strong>\u00a020 d\u00edas h\u00e1biles a partir de la publicaci\u00f3n en el BOP, a las 23:59 horas<br \/>\n<strong>Contacto:<\/strong>\u00a0<span style=\"color: #0000ff;\"><a style=\"color: #0000ff;\" href=\"mailto:rrhh@mercatflors.cat\">rrhh@mercatflors.cat<\/a><br \/>\n<span style=\"color: #000000;\"><strong>Documentos:<\/strong><\/span><\/span><\/p>\n<p><a href=\"https:\/\/old.mercatflors.cat\/wp-content\/uploads\/2023\/02\/Oferta-GESTI\u00d3-JUR\u00cdDICA-Interadm..pdf\"><span style=\"color: #0000ff;\">Bases de la oferta<\/span><\/a><\/p>\n<p><a href=\"https:\/\/old.mercatflors.cat\/wp-content\/uploads\/2023\/03\/3-Relaci\u00f3-PROVISIONAL-dadmesos-i-exclosos.pdf\"><span style=\"color: #0000ff;\">Relaci\u00f3n provisional de admitidos y excluidos<\/span><\/a><\/p>\n<p><a href=\"https:\/\/old.mercatflors.cat\/wp-content\/uploads\/2023\/03\/4-Relaci\u00f3-DEFINITIVA-dadmesos-i-exclosos-1.pdf\"><span style=\"color: #0000ff;\">Relaci\u00f3n definitiva de admitidos y excluidos<\/span><\/a><\/p>\n<p><a href=\"https:\/\/old.mercatflors.cat\/wp-content\/uploads\/2023\/03\/5-Informe-valoraci\u00f3-de-m\u00e8rits.pdf\"><span style=\"color: #0000ff;\">Informe valoraci\u00f3n de m\u00e9ritos<\/span><\/a><\/p>\n<p><a href=\"https:\/\/old.mercatflors.cat\/wp-content\/uploads\/2023\/04\/6-Resolucio\u0301-procediment-desert43.pdf\"><span style=\"color: #0000ff;\">Resoluci\u00f3n Procedimiento desierto<\/span><\/a><\/p>\n","protected":false},"excerpt":{"rendered":"<p>Denominaci\u00f3n del lugar:\u00a0GESTI\u00d3N JUR\u00cdDICA Condicionante:\u00a0Oferta interadministrativa a personal fijo del [&hellip;]<\/p>\n","protected":false},"author":1,"featured_media":0,"parent":0,"menu_order":0,"comment_status":"closed","ping_status":"closed","template":"","meta":[],"_links":{"self":[{"href":"https:\/\/old.mercatflors.cat\/es\/wp-json\/wp\/v2\/pages\/58345\/"}],"collection":[{"href":"https:\/\/old.mercatflors.cat\/es\/wp-json\/wp\/v2\/pages\/"}],"about":[{"href":"https:\/\/old.mercatflors.cat\/es\/wp-json\/wp\/v2\/types\/page\/"}],"author":[{"embeddable":true,"href":"https:\/\/old.mercatflors.cat\/es\/wp-json\/wp\/v2\/users\/1\/"}],"replies":[{"embeddable":true,"href":"https:\/\/old.mercatflors.cat\/es\/wp-json\/wp\/v2\/comments\/?post=58345"}],"version-history":[{"count":0,"href":"https:\/\/old.mercatflors.cat\/es\/wp-json\/wp\/v2\/pages\/58345\/revisions\/"}],"wp:attachment":[{"href":"https:\/\/old.mercatflors.cat\/es\/wp-json\/wp\/v2\/media\/?parent=58345"}],"curies":[{"name":"wp","href":"https:\/\/api.w.org\/{rel}","templated":true}]}}

Oferta de trabajo GESTIÓN JURÍDICA

<p><strong>Denominación del lugar:</strong> GESTIÓN JURÍDICA<br />
<strong>Condicionante:</strong> Oferta interadministrativa a personal fijo del Ajuntament de Barcelona, Generalitat de Catalunya y Consorci Mercat de les Flors<br />
<strong>Tipología:</strong> TÉCNICO SUPERIOR<br />
<strong>Fecha de incorporación:</strong> Finalización del proceso de selección y en función de los proyectos requeridos<br />
<strong>Jornada Laboral:</strong> Jornada Completa (media de 37,5 horas semanales)<br />
<strong>Fecha de publicación:</strong> Anuncio tramitado en el BOP. Se preve que salga publicado el miércoles 22 de febrero<br />
<strong>Fecha límite presentación de candidaturas:</strong> 20 días hábiles a partir de la publicación en el BOP, a las 23:59 horas<br />
<strong>Contacto:</strong> <span style="color: #0000ff;"><a style="color: #0000ff;" href="mailto:rrhh@mercatflors.cat">rrhh@mercatflors.cat</a><br />
<span style="color: #000000;"><strong>Documentos:</strong></span></span></p>
<p><a href="https://old.mercatflors.cat/wp-content/uploads/2023/02/Oferta-GESTIÓ-JURÍDICA-Interadm..pdf"><span style="color: #0000ff;">Bases de la oferta</span></a></p>
<p><a href="https://old.mercatflors.cat/wp-content/uploads/2023/03/3-Relació-PROVISIONAL-dadmesos-i-exclosos.pdf"><span style="color: #0000ff;">Relación provisional de admitidos y excluidos</span></a></p>
<p><a href="https://old.mercatflors.cat/wp-content/uploads/2023/03/4-Relació-DEFINITIVA-dadmesos-i-exclosos-1.pdf"><span style="color: #0000ff;">Relación definitiva de admitidos y excluidos</span></a></p>
<p><a href="https://old.mercatflors.cat/wp-content/uploads/2023/03/5-Informe-valoració-de-mèrits.pdf"><span style="color: #0000ff;">Informe valoración de méritos</span></a></p>
<p><a href="https://old.mercatflors.cat/wp-content/uploads/2023/04/6-Resolució-procediment-desert43.pdf"><span style="color: #0000ff;">Resolución Procedimiento desierto</span></a></p>

<p>Denominación del lugar: GESTIÓN JURÍDICA Condicionante: Oferta interadministrativa a personal fijo del [&hellip;]</p>
