{"id":58763,"date":"2023-05-04T14:15:19","date_gmt":"2023-05-04T13:15:19","guid":{"rendered":"https:\/\/old.mercatflors.cat\/?page_id=58763"},"modified":"2023-06-02T09:32:09","modified_gmt":"2023-06-02T08:32:09","slug":"convocatoria-de-audicion-de-bailarines-as-profesionales-celula-4-supermedium","status":"publish","type":"page","link":"https:\/\/old.mercatflors.cat\/es\/convocatoria-de-audicion-de-bailarines-as-profesionales-celula-4-supermedium\/","title":{"rendered":"Convocatoria de audici\u00f3n de bailarines\/as profesionales C\u00c8L\u00b7LULA #4 \u201cSupermedium\u201d"},"content":{"rendered":"<p><strong>CONVOCATORIA DE AUDICI\u00d3N DE BAILARINES\/AS PROFESIONALES <\/strong><\/p>\n<p><strong>PARA LA SELECCI\u00d3N DE INT\u00c9RPRETES PARA LA PRODUCCI\u00d3N <em>C\u00c8L\u00b7LULA #4<\/em> \u201cSupermedium\u201d DEL MERCAT DE LES FLORS<\/strong><\/p>\n<p><strong>Fecha l\u00edmite de presentaci\u00f3n de solicitudes, el 18 de mayo de 2023 (23 h.)<\/strong><\/p>\n<p>El Mercat de les Flors abre convocatoria para la selecci\u00f3n de bailarines\/as profesionales para una nueva producci\u00f3n del proyecto <strong><em>C\u00e8l\u00b7lula<\/em>,<\/strong> hasta un m\u00e1ximo de 12 por determinar.<\/p>\n<p>En esta nueva edici\u00f3n <em>#4,<\/em> la creaci\u00f3n ir\u00e1 a cargo y direcci\u00f3n de <strong>N\u00faria Guiu<\/strong>, artista residente en el Mercat de les Flors hasta la temporada 2023\/24. La coreograf\u00eda se desarrollar\u00e1 en colaboraci\u00f3n con <strong>Ingri Fiksdal <\/strong>, artista con base en Oslo (Noruega) con quien N\u00faria Guiu ya ha colaborado en ocasiones previas.<\/p>\n<p>Se buscan bailarinas, bailarines, performers que tengan un nivel alto en danza contempor\u00e1nea, performance e improvisaci\u00f3n. Se valorar\u00e1 la implicaci\u00f3n creativa de las participantes, as\u00ed como cualidades o registros art\u00edsticos de otras disciplinas o t\u00e9cnicas de danza. Se alienta a presentarse a bailarines\/as de t\u00e9cnicas, culturas y procedencias diversas.<\/p>\n<p>El proyecto tendr\u00e1 un per\u00edodo de creaci\u00f3n a partir de octubre de 2023, funciones en el Mercat de les Flors en enero de 2024, y posible gira posterior.<\/p>\n<p>La solicitud se presentar\u00e1 de forma telem\u00e1tica a trav\u00e9s de formulario.<\/p>\n<p>Recomendamos a los\u00a0candidatos que, en caso que tengan problemas para cargar el v\u00eddeo de 1 minuto, rellenen la ficha con el resto de datos, ya que habr\u00e1 un plazo de 3 d\u00edas para completar la documentaci\u00f3n por otras v\u00edas.<\/p>\n<p><strong>Documentos:<\/strong><\/p>\n<p><a href=\"https:\/\/old.mercatflors.cat\/wp-content\/uploads\/2023\/05\/Audicio-Celula_4-Convocatoria_def2-1.pdf\"><span style=\"color: #0000ff;\">Anuncio de convocatoria<\/span><\/a><\/p>\n<p><a href=\"https:\/\/old.mercatflors.cat\/mdlfrrhh\/oferta\/ballari-na-professional-cellula4\/\"><span style=\"color: #0000ff;\">Formulario de inscripci\u00f3n<\/span><\/a><\/p>\n<p><a href=\"https:\/\/old.mercatflors.cat\/wp-content\/uploads\/2023\/05\/4-Ampliacio\u0301-termini87.pdf\"><span style=\"color: #0000ff;\">Ampliacio\u0301n plazo<\/span><\/a><\/p>\n<p><a href=\"https:\/\/old.mercatflors.cat\/wp-content\/uploads\/2023\/05\/5-Relaci\u00f3-Candidatures.pdf\"><span style=\"color: #0000ff;\">Relaci\u00f3n candidaturas<\/span><\/a><\/p>\n<p><a href=\"https:\/\/old.mercatflors.cat\/wp-content\/uploads\/2023\/06\/6-Relaci\u00f3-Candidatures-audici\u00f3-taller.pdf\"><span style=\"color: #0000ff;\">Convocatoria de audici\u00f3n<\/span><\/a><\/p>\n","protected":false},"excerpt":{"rendered":"<p>CONVOCATORIA DE AUDICI\u00d3N DE BAILARINES\/AS PROFESIONALES PARA LA SELECCI\u00d3N DE [&hellip;]<\/p>\n","protected":false},"author":1,"featured_media":0,"parent":0,"menu_order":0,"comment_status":"closed","ping_status":"closed","template":"","meta":[],"_links":{"self":[{"href":"https:\/\/old.mercatflors.cat\/es\/wp-json\/wp\/v2\/pages\/58763\/"}],"collection":[{"href":"https:\/\/old.mercatflors.cat\/es\/wp-json\/wp\/v2\/pages\/"}],"about":[{"href":"https:\/\/old.mercatflors.cat\/es\/wp-json\/wp\/v2\/types\/page\/"}],"author":[{"embeddable":true,"href":"https:\/\/old.mercatflors.cat\/es\/wp-json\/wp\/v2\/users\/1\/"}],"replies":[{"embeddable":true,"href":"https:\/\/old.mercatflors.cat\/es\/wp-json\/wp\/v2\/comments\/?post=58763"}],"version-history":[{"count":0,"href":"https:\/\/old.mercatflors.cat\/es\/wp-json\/wp\/v2\/pages\/58763\/revisions\/"}],"wp:attachment":[{"href":"https:\/\/old.mercatflors.cat\/es\/wp-json\/wp\/v2\/media\/?parent=58763"}],"curies":[{"name":"wp","href":"https:\/\/api.w.org\/{rel}","templated":true}]}}

Convocatoria de audición de bailarines/as profesionales CÈL·LULA #4 “Supermedium”

<p><strong>CONVOCATORIA DE AUDICIÓN DE BAILARINES/AS PROFESIONALES </strong></p>
<p><strong>PARA LA SELECCIÓN DE INTÉRPRETES PARA LA PRODUCCIÓN <em>CÈL·LULA #4</em> “Supermedium” DEL MERCAT DE LES FLORS</strong></p>
<p><strong>Fecha límite de presentación de solicitudes, el 18 de mayo de 2023 (23 h.)</strong></p>
<p>El Mercat de les Flors abre convocatoria para la selección de bailarines/as profesionales para una nueva producción del proyecto <strong><em>Cèl·lula</em>,</strong> hasta un máximo de 12 por determinar.</p>
<p>En esta nueva edición <em>#4,</em> la creación irá a cargo y dirección de <strong>Núria Guiu</strong>, artista residente en el Mercat de les Flors hasta la temporada 2023/24. La coreografía se desarrollará en colaboración con <strong>Ingri Fiksdal </strong>, artista con base en Oslo (Noruega) con quien Núria Guiu ya ha colaborado en ocasiones previas.</p>
<p>Se buscan bailarinas, bailarines, performers que tengan un nivel alto en danza contemporánea, performance e improvisación. Se valorará la implicación creativa de las participantes, así como cualidades o registros artísticos de otras disciplinas o técnicas de danza. Se alienta a presentarse a bailarines/as de técnicas, culturas y procedencias diversas.</p>
<p>El proyecto tendrá un período de creación a partir de octubre de 2023, funciones en el Mercat de les Flors en enero de 2024, y posible gira posterior.</p>
<p>La solicitud se presentará de forma telemática a través de formulario.</p>
<p>Recomendamos a los candidatos que, en caso que tengan problemas para cargar el vídeo de 1 minuto, rellenen la ficha con el resto de datos, ya que habrá un plazo de 3 días para completar la documentación por otras vías.</p>
<p><strong>Documentos:</strong></p>
<p><a href="https://old.mercatflors.cat/wp-content/uploads/2023/05/Audicio-Celula_4-Convocatoria_def2-1.pdf"><span style="color: #0000ff;">Anuncio de convocatoria</span></a></p>
<p><a href="https://old.mercatflors.cat/mdlfrrhh/oferta/ballari-na-professional-cellula4/"><span style="color: #0000ff;">Formulario de inscripción</span></a></p>
<p><a href="https://old.mercatflors.cat/wp-content/uploads/2023/05/4-Ampliació-termini87.pdf"><span style="color: #0000ff;">Ampliación plazo</span></a></p>
<p><a href="https://old.mercatflors.cat/wp-content/uploads/2023/05/5-Relació-Candidatures.pdf"><span style="color: #0000ff;">Relación candidaturas</span></a></p>
<p><a href="https://old.mercatflors.cat/wp-content/uploads/2023/06/6-Relació-Candidatures-audició-taller.pdf"><span style="color: #0000ff;">Convocatoria de audición</span></a></p>

<p>CONVOCATORIA DE AUDICIÓN DE BAILARINES/AS PROFESIONALES PARA LA SELECCIÓN DE [&hellip;]</p>
