{"id":58765,"date":"2023-05-04T14:17:34","date_gmt":"2023-05-04T13:17:34","guid":{"rendered":"https:\/\/old.mercatflors.cat\/?page_id=58765"},"modified":"2023-05-04T14:17:34","modified_gmt":"2023-05-04T13:17:34","slug":"audiciones","status":"publish","type":"page","link":"https:\/\/old.mercatflors.cat\/es\/el-mercat\/audiciones\/","title":{"rendered":"Audiciones"},"content":{"rendered":"<p>&nbsp;<\/p>\n<ul>\n<li><a href=\"https:\/\/old.mercatflors.cat\/convocatoria-daudicio-de-ballarins-nes-professionals-celula-4-supermedium\/\"><strong>CONVOCATORIA DE AUDICI\u00d3N DE BAILARINES\/AS PROFESIONALES<\/strong>Producci\u00f3n C\u00c8L\u00b7LULA #4 \u201cSupermedium\u201d<\/a><\/li>\n<\/ul>\n<p><span style=\"color: #0000ff;\"><a style=\"color: #0000ff;\" href=\"https:\/\/old.mercatflors.cat\/es\/informacio-basica-sobre-la-proteccio-de-dades\/\" target=\"_top\">Informaci\u00f3n b\u00e1sica sobre la protecci\u00f3n de datos<\/a><\/span><\/p>\n","protected":false},"excerpt":{"rendered":"<p>&nbsp; CONVOCATORIA DE AUDICI\u00d3N DE BAILARINES\/AS PROFESIONALESProducci\u00f3n C\u00c8L\u00b7LULA #4 \u201cSupermedium\u201d [&hellip;]<\/p>\n","protected":false},"author":1,"featured_media":0,"parent":711,"menu_order":0,"comment_status":"closed","ping_status":"closed","template":"template-blocs-grocs.php","meta":[],"_links":{"self":[{"href":"https:\/\/old.mercatflors.cat\/es\/wp-json\/wp\/v2\/pages\/58765\/"}],"collection":[{"href":"https:\/\/old.mercatflors.cat\/es\/wp-json\/wp\/v2\/pages\/"}],"about":[{"href":"https:\/\/old.mercatflors.cat\/es\/wp-json\/wp\/v2\/types\/page\/"}],"author":[{"embeddable":true,"href":"https:\/\/old.mercatflors.cat\/es\/wp-json\/wp\/v2\/users\/1\/"}],"replies":[{"embeddable":true,"href":"https:\/\/old.mercatflors.cat\/es\/wp-json\/wp\/v2\/comments\/?post=58765"}],"version-history":[{"count":0,"href":"https:\/\/old.mercatflors.cat\/es\/wp-json\/wp\/v2\/pages\/58765\/revisions\/"}],"up":[{"embeddable":true,"href":"https:\/\/old.mercatflors.cat\/es\/wp-json\/wp\/v2\/pages\/711\/"}],"wp:attachment":[{"href":"https:\/\/old.mercatflors.cat\/es\/wp-json\/wp\/v2\/media\/?parent=58765"}],"curies":[{"name":"wp","href":"https:\/\/api.w.org\/{rel}","templated":true}]}}

<p>&nbsp;</p>
<ul>
<li><a href="https://old.mercatflors.cat/convocatoria-daudicio-de-ballarins-nes-professionals-celula-4-supermedium/"><strong>CONVOCATORIA DE AUDICIÓN DE BAILARINES/AS PROFESIONALES</strong>Producción CÈL·LULA #4 “Supermedium”</a></li>
</ul>
<p><span style="color: #0000ff;"><a style="color: #0000ff;" href="https://old.mercatflors.cat/es/informacio-basica-sobre-la-proteccio-de-dades/" target="_top">Información básica sobre la protección de datos</a></span></p>

<p>&nbsp; CONVOCATORIA DE AUDICIÓN DE BAILARINES/AS PROFESIONALESProducción CÈL·LULA #4 “Supermedium” [&hellip;]</p>
