{"id":58847,"date":"2023-05-16T10:53:25","date_gmt":"2023-05-16T09:53:25","guid":{"rendered":"https:\/\/old.mercatflors.cat\/?page_id=58847"},"modified":"2023-05-31T15:52:56","modified_gmt":"2023-05-31T14:52:56","slug":"oferta-de-trabajo-gestion-economica","status":"publish","type":"page","link":"https:\/\/old.mercatflors.cat\/es\/oferta-de-trabajo-gestion-economica\/","title":{"rendered":"Oferta de trabajo GESTI\u00d3N ECON\u00d3MICA"},"content":{"rendered":"<p><strong>Denominaci\u00f3n del sitio:<\/strong> GESTI\u00d3N ECON\u00d3MICA<br \/>\n<strong>Condicionante:<\/strong> Promoci\u00f3n interna<br \/>\n<strong>Tipolog\u00eda:<\/strong> T\u00c9CNICO MEDIO (A2)<br \/>\n<strong>Fecha de incorporaci\u00f3n:<\/strong> A la finalizaci\u00f3n del proceso selectivo<br \/>\n<strong>Jornada laboral:<\/strong> Jornada completa (37,5 horas semanales)<br \/>\n<strong>Fecha de publicaci\u00f3n:<\/strong> 16 de mayo de 2023<br \/>\n<strong>Fecha l\u00edmite presentaci\u00f3n candidaturas:<\/strong> 30 de mayo de 2023 a las 23:59h.<br \/>\n<strong>Contacto:<\/strong> <a href=\"mailto:rrhh@mercatflors.cat\"><span style=\"color: #0000ff;\">rrhh@mercatflors.cat<\/span><\/a><\/p>\n<p><strong>Documentos:<\/strong><\/p>\n<p><a href=\"https:\/\/old.mercatflors.cat\/wp-content\/uploads\/2023\/05\/Bases-GESTI\u00d3-ECON\u00d2MICA-promoci\u00f3-interna.pdf\"><span style=\"color: #0000ff;\">Bases de la oferta<\/span><\/a><\/p>\n<p><a href=\"https:\/\/old.mercatflors.cat\/mdlfrrhh\/oferta\/t_gestio_economica\/\"><span style=\"color: #0000ff;\">Formulario<\/span><\/a><\/p>\n<p><a href=\"https:\/\/old.mercatflors.cat\/wp-content\/uploads\/2023\/05\/3-Relaci\u00f3-PROVISIONAL-dadmesos-i-exclosos-Gesti\u00f3-Econ\u00f2mica.pdf\"><span style=\"color: #0000ff;\">Relaci\u00f3n provisional de admitidos y excluidos<\/span><\/a><\/p>\n","protected":false},"excerpt":{"rendered":"<p>Denominaci\u00f3n del sitio: GESTI\u00d3N ECON\u00d3MICA Condicionante: Promoci\u00f3n interna Tipolog\u00eda: T\u00c9CNICO [&hellip;]<\/p>\n","protected":false},"author":1,"featured_media":0,"parent":0,"menu_order":0,"comment_status":"closed","ping_status":"closed","template":"","meta":[],"_links":{"self":[{"href":"https:\/\/old.mercatflors.cat\/es\/wp-json\/wp\/v2\/pages\/58847\/"}],"collection":[{"href":"https:\/\/old.mercatflors.cat\/es\/wp-json\/wp\/v2\/pages\/"}],"about":[{"href":"https:\/\/old.mercatflors.cat\/es\/wp-json\/wp\/v2\/types\/page\/"}],"author":[{"embeddable":true,"href":"https:\/\/old.mercatflors.cat\/es\/wp-json\/wp\/v2\/users\/1\/"}],"replies":[{"embeddable":true,"href":"https:\/\/old.mercatflors.cat\/es\/wp-json\/wp\/v2\/comments\/?post=58847"}],"version-history":[{"count":0,"href":"https:\/\/old.mercatflors.cat\/es\/wp-json\/wp\/v2\/pages\/58847\/revisions\/"}],"wp:attachment":[{"href":"https:\/\/old.mercatflors.cat\/es\/wp-json\/wp\/v2\/media\/?parent=58847"}],"curies":[{"name":"wp","href":"https:\/\/api.w.org\/{rel}","templated":true}]}}

Oferta de trabajo GESTIÓN ECONÓMICA

<p><strong>Denominación del sitio:</strong> GESTIÓN ECONÓMICA<br />
<strong>Condicionante:</strong> Promoción interna<br />
<strong>Tipología:</strong> TÉCNICO MEDIO (A2)<br />
<strong>Fecha de incorporación:</strong> A la finalización del proceso selectivo<br />
<strong>Jornada laboral:</strong> Jornada completa (37,5 horas semanales)<br />
<strong>Fecha de publicación:</strong> 16 de mayo de 2023<br />
<strong>Fecha límite presentación candidaturas:</strong> 30 de mayo de 2023 a las 23:59h.<br />
<strong>Contacto:</strong> <a href="mailto:rrhh@mercatflors.cat"><span style="color: #0000ff;">rrhh@mercatflors.cat</span></a></p>
<p><strong>Documentos:</strong></p>
<p><a href="https://old.mercatflors.cat/wp-content/uploads/2023/05/Bases-GESTIÓ-ECONÒMICA-promoció-interna.pdf"><span style="color: #0000ff;">Bases de la oferta</span></a></p>
<p><a href="https://old.mercatflors.cat/mdlfrrhh/oferta/t_gestio_economica/"><span style="color: #0000ff;">Formulario</span></a></p>
<p><a href="https://old.mercatflors.cat/wp-content/uploads/2023/05/3-Relació-PROVISIONAL-dadmesos-i-exclosos-Gestió-Econòmica.pdf"><span style="color: #0000ff;">Relación provisional de admitidos y excluidos</span></a></p>

<p>Denominación del sitio: GESTIÓN ECONÓMICA Condicionante: Promoción interna Tipología: TÉCNICO [&hellip;]</p>
