{"id":59018,"date":"2023-06-17T08:49:33","date_gmt":"2023-06-17T07:49:33","guid":{"rendered":"https:\/\/old.mercatflors.cat\/?page_id=59018"},"modified":"2023-06-17T08:53:47","modified_gmt":"2023-06-17T07:53:47","slug":"oferta-de-trabajo-produccio-tecnica","status":"publish","type":"page","link":"https:\/\/old.mercatflors.cat\/es\/oferta-de-trabajo-produccio-tecnica\/","title":{"rendered":"Oferta de trabajo PRODUCCI\u00d3N T\u00c9CNICA"},"content":{"rendered":"<p><strong>Denominaci\u00f3n del puesto:<\/strong> PRODUCCI\u00d3N T\u00c9CNICA<br \/>\n<strong>Condicionante:<\/strong> Promoci\u00f3n interna<br \/>\n<strong>Tipolog\u00eda:<\/strong> T\u00c9CNICO AUXILIAR (C1)<br \/>\n<strong>Fecha de incorporaci\u00f3n:<\/strong> Setiembre 2023<br \/>\n<strong>Jornada laboral:<\/strong> Jornada completa (37,5 horas semanales)<br \/>\n<strong>Fecha de publicaci\u00f3n:<\/strong> 16 de junio de 2023<br \/>\n<strong>Fecha l\u00edmite presentaci\u00f3n candidaturas:<\/strong> 30 de junio de 2023 a las 23:59h.<br \/>\n<strong>Contacto:<\/strong> <a href=\"mailto:rrhh@mercatflors.cat\"><span style=\"color: #0000ff;\">rrhh@mercatflors.cat<\/span><\/a><\/p>\n<p><strong>Documentos:<\/strong><\/p>\n<p><a href=\"https:\/\/old.mercatflors.cat\/wp-content\/uploads\/2023\/06\/Bases-PRODUCCI\u00d3-T\u00c8CNICA-promoci\u00f3-interna.pdf\"><span style=\"color: #0000ff;\">Bases de la oferta<\/span><\/a><\/p>\n<p><a href=\"https:\/\/old.mercatflors.cat\/mdlfrrhh\/oferta\/produccio_tecnica_pi\/\"><span style=\"color: #0000ff;\">Formulario<\/span><\/a><\/p>\n","protected":false},"excerpt":{"rendered":"<p>Denominaci\u00f3n del puesto: PRODUCCI\u00d3N T\u00c9CNICA Condicionante: Promoci\u00f3n interna Tipolog\u00eda: T\u00c9CNICO [&hellip;]<\/p>\n","protected":false},"author":1,"featured_media":0,"parent":0,"menu_order":0,"comment_status":"closed","ping_status":"closed","template":"","meta":[],"_links":{"self":[{"href":"https:\/\/old.mercatflors.cat\/es\/wp-json\/wp\/v2\/pages\/59018\/"}],"collection":[{"href":"https:\/\/old.mercatflors.cat\/es\/wp-json\/wp\/v2\/pages\/"}],"about":[{"href":"https:\/\/old.mercatflors.cat\/es\/wp-json\/wp\/v2\/types\/page\/"}],"author":[{"embeddable":true,"href":"https:\/\/old.mercatflors.cat\/es\/wp-json\/wp\/v2\/users\/1\/"}],"replies":[{"embeddable":true,"href":"https:\/\/old.mercatflors.cat\/es\/wp-json\/wp\/v2\/comments\/?post=59018"}],"version-history":[{"count":0,"href":"https:\/\/old.mercatflors.cat\/es\/wp-json\/wp\/v2\/pages\/59018\/revisions\/"}],"wp:attachment":[{"href":"https:\/\/old.mercatflors.cat\/es\/wp-json\/wp\/v2\/media\/?parent=59018"}],"curies":[{"name":"wp","href":"https:\/\/api.w.org\/{rel}","templated":true}]}}

Oferta de trabajo PRODUCCIÓN TÉCNICA

<p><strong>Denominación del puesto:</strong> PRODUCCIÓN TÉCNICA<br />
<strong>Condicionante:</strong> Promoción interna<br />
<strong>Tipología:</strong> TÉCNICO AUXILIAR (C1)<br />
<strong>Fecha de incorporación:</strong> Setiembre 2023<br />
<strong>Jornada laboral:</strong> Jornada completa (37,5 horas semanales)<br />
<strong>Fecha de publicación:</strong> 16 de junio de 2023<br />
<strong>Fecha límite presentación candidaturas:</strong> 30 de junio de 2023 a las 23:59h.<br />
<strong>Contacto:</strong> <a href="mailto:rrhh@mercatflors.cat"><span style="color: #0000ff;">rrhh@mercatflors.cat</span></a></p>
<p><strong>Documentos:</strong></p>
<p><a href="https://old.mercatflors.cat/wp-content/uploads/2023/06/Bases-PRODUCCIÓ-TÈCNICA-promoció-interna.pdf"><span style="color: #0000ff;">Bases de la oferta</span></a></p>
<p><a href="https://old.mercatflors.cat/mdlfrrhh/oferta/produccio_tecnica_pi/"><span style="color: #0000ff;">Formulario</span></a></p>

<p>Denominación del puesto: PRODUCCIÓN TÉCNICA Condicionante: Promoción interna Tipología: TÉCNICO [&hellip;]</p>
