{"id":728,"date":"2011-09-12T15:15:06","date_gmt":"2011-09-12T15:15:06","guid":{"rendered":"https:\/\/old.mercatflors.cat\/?page_id=728"},"modified":"2012-10-03T11:41:19","modified_gmt":"2012-10-03T11:41:19","slug":"sala-om","status":"publish","type":"page","link":"https:\/\/old.mercatflors.cat\/es\/el-mercat\/edificio-y-salas\/sala-om\/","title":{"rendered":"Sala OM"},"content":{"rendered":"<h2>Sala Ovidi Montllor<\/h2>\n<p>Este espacio, construido en el a\u00f1o 2000 dentro de las instalaciones del Institut del Teatre, se comparte con el mismo Institut. Su aforo es de 320 butacas y est\u00e1 constituido como teatro a la italiana. El poeta, cantante y actor Ovidi Montllor (Alcoi, 1942-Barcelona, 1995) debut\u00f3 en teatro en 1962 en el grupo alcoyano La Cassola. En Barcelona trabaj\u00f3 en las compa\u00f1\u00edas de Adri\u00e0 Gual, N\u00faria Espert y el Grupo de Teatro Independiente del CICF, con Francesc Nel\u00b7lo y Fabi\u00e0 Puigserver al frente. A finales de los sesenta comenz\u00f3 una destacada carrera como cantante, musicando textos propios y de poetas como Salvador Espriu o Vicent Andr\u00e9s Estell\u00e9s. Form\u00f3 parte del movimiento art\u00edstico de la Nova Can\u00e7\u00f3, y en cine destac\u00f3 en films como\u00a0<em>Furtivos <\/em>o <em>La oscura historia de la prima Montse<\/em>.<\/p>\n<h2>Planos<\/h2>\n<p>Consulta\u00a0<span style=\"text-decoration: underline;\"><a href=\"http:\/\/www.mercatflors.cat\/info_sales_mercat\/sala_om.rar\" target=\"_blank\">los planos de la Sala Ovidi Montllor<\/a><\/span><\/p>\n<p>&nbsp;<\/p>\n","protected":false},"excerpt":{"rendered":"<p>Sala Ovidi Montllor Este espacio, construido en el a\u00f1o 2000 [&hellip;]<\/p>\n","protected":false},"author":1,"featured_media":3840,"parent":724,"menu_order":0,"comment_status":"open","ping_status":"open","template":"","meta":[],"_links":{"self":[{"href":"https:\/\/old.mercatflors.cat\/es\/wp-json\/wp\/v2\/pages\/728\/"}],"collection":[{"href":"https:\/\/old.mercatflors.cat\/es\/wp-json\/wp\/v2\/pages\/"}],"about":[{"href":"https:\/\/old.mercatflors.cat\/es\/wp-json\/wp\/v2\/types\/page\/"}],"author":[{"embeddable":true,"href":"https:\/\/old.mercatflors.cat\/es\/wp-json\/wp\/v2\/users\/1\/"}],"replies":[{"embeddable":true,"href":"https:\/\/old.mercatflors.cat\/es\/wp-json\/wp\/v2\/comments\/?post=728"}],"version-history":[{"count":0,"href":"https:\/\/old.mercatflors.cat\/es\/wp-json\/wp\/v2\/pages\/728\/revisions\/"}],"up":[{"embeddable":true,"href":"https:\/\/old.mercatflors.cat\/es\/wp-json\/wp\/v2\/pages\/724\/"}],"wp:featuredmedia":[{"embeddable":true,"href":"https:\/\/old.mercatflors.cat\/es\/wp-json\/wp\/v2\/media\/3840\/"}],"wp:attachment":[{"href":"https:\/\/old.mercatflors.cat\/es\/wp-json\/wp\/v2\/media\/?parent=728"}],"curies":[{"name":"wp","href":"https:\/\/api.w.org\/{rel}","templated":true}]}}

<h2>Sala Ovidi Montllor</h2>
<p>Este espacio, construido en el año 2000 dentro de las instalaciones del Institut del Teatre, se comparte con el mismo Institut. Su aforo es de 320 butacas y está constituido como teatro a la italiana. El poeta, cantante y actor Ovidi Montllor (Alcoi, 1942-Barcelona, 1995) debutó en teatro en 1962 en el grupo alcoyano La Cassola. En Barcelona trabajó en las compañías de Adrià Gual, Núria Espert y el Grupo de Teatro Independiente del CICF, con Francesc Nel·lo y Fabià Puigserver al frente. A finales de los sesenta comenzó una destacada carrera como cantante, musicando textos propios y de poetas como Salvador Espriu o Vicent Andrés Estellés. Formó parte del movimiento artístico de la Nova Cançó, y en cine destacó en films como <em>Furtivos </em>o <em>La oscura historia de la prima Montse</em>.</p>
<h2>Planos</h2>
<p>Consulta <span style="text-decoration: underline;"><a href="http://www.mercatflors.cat/info_sales_mercat/sala_om.rar" target="_blank">los planos de la Sala Ovidi Montllor</a></span></p>
<p>&nbsp;</p>

<p>Sala Ovidi Montllor Este espacio, construido en el año 2000 [&hellip;]</p>
