{"id":730,"date":"2011-09-12T15:16:01","date_gmt":"2011-09-12T15:16:01","guid":{"rendered":"https:\/\/old.mercatflors.cat\/?page_id=730"},"modified":"2012-10-03T11:43:00","modified_gmt":"2012-10-03T11:43:00","slug":"sala-pb","status":"publish","type":"page","link":"https:\/\/old.mercatflors.cat\/es\/el-mercat\/edificio-y-salas\/sala-pb\/","title":{"rendered":"Sala PB"},"content":{"rendered":"<h2>Sala Pina Bausch<\/h2>\n<p>Inaugurada en enero de 2011 en homenaje a la core\u00f3grafa Pina Bausch, esta sala polivalente de 240 m2 cumple las funciones de sala de ensayo y tambi\u00e9n acoge actividades de peque\u00f1o formato. Con t\u00edtulos como <em>La consagraci\u00f3 de la primavera<\/em> y <em>Caf\u00e9 M\u00fcller<\/em>, Pina Bausch (Solingen, 1940-Wuppertal, 2009) es la creadora del teatro-danza. Su apuesta renovadora, no recibida sin pol\u00e9mica, y cultivada a lo largo de 36 a\u00f1os como directora del Tanztheater Wuppertal, abri\u00f3 las puertas de una nueva dimensi\u00f3n para la danza en dotarla de recursos dram\u00e1ticos y gran carga po\u00e9tica. Su espect\u00e1culo <em>1980 <\/em>fue el primer espect\u00e1culo de danza contempor\u00e1nea que se pudo ver en el Mercat de les Flors.<\/p>\n<h2>Planos<\/h2>\n<p>Consulta\u00a0<span style=\"text-decoration: underline;\"><a href=\"http:\/\/www.mercatflors.cat\/info_sales_mercat\/sala_pb.rar\" target=\"_blank\">los planos de la Sala Pina Bausch<\/a><\/span><\/p>\n<p>&nbsp;<\/p>\n","protected":false},"excerpt":{"rendered":"<p>Sala Pina Bausch Inaugurada en enero de 2011 en homenaje [&hellip;]<\/p>\n","protected":false},"author":1,"featured_media":3843,"parent":724,"menu_order":0,"comment_status":"open","ping_status":"open","template":"","meta":[],"_links":{"self":[{"href":"https:\/\/old.mercatflors.cat\/es\/wp-json\/wp\/v2\/pages\/730\/"}],"collection":[{"href":"https:\/\/old.mercatflors.cat\/es\/wp-json\/wp\/v2\/pages\/"}],"about":[{"href":"https:\/\/old.mercatflors.cat\/es\/wp-json\/wp\/v2\/types\/page\/"}],"author":[{"embeddable":true,"href":"https:\/\/old.mercatflors.cat\/es\/wp-json\/wp\/v2\/users\/1\/"}],"replies":[{"embeddable":true,"href":"https:\/\/old.mercatflors.cat\/es\/wp-json\/wp\/v2\/comments\/?post=730"}],"version-history":[{"count":0,"href":"https:\/\/old.mercatflors.cat\/es\/wp-json\/wp\/v2\/pages\/730\/revisions\/"}],"up":[{"embeddable":true,"href":"https:\/\/old.mercatflors.cat\/es\/wp-json\/wp\/v2\/pages\/724\/"}],"wp:featuredmedia":[{"embeddable":true,"href":"https:\/\/old.mercatflors.cat\/es\/wp-json\/wp\/v2\/media\/3843\/"}],"wp:attachment":[{"href":"https:\/\/old.mercatflors.cat\/es\/wp-json\/wp\/v2\/media\/?parent=730"}],"curies":[{"name":"wp","href":"https:\/\/api.w.org\/{rel}","templated":true}]}}

<h2>Sala Pina Bausch</h2>
<p>Inaugurada en enero de 2011 en homenaje a la coreógrafa Pina Bausch, esta sala polivalente de 240 m2 cumple las funciones de sala de ensayo y también acoge actividades de pequeño formato. Con títulos como <em>La consagració de la primavera</em> y <em>Café Müller</em>, Pina Bausch (Solingen, 1940-Wuppertal, 2009) es la creadora del teatro-danza. Su apuesta renovadora, no recibida sin polémica, y cultivada a lo largo de 36 años como directora del Tanztheater Wuppertal, abrió las puertas de una nueva dimensión para la danza en dotarla de recursos dramáticos y gran carga poética. Su espectáculo <em>1980 </em>fue el primer espectáculo de danza contemporánea que se pudo ver en el Mercat de les Flors.</p>
<h2>Planos</h2>
<p>Consulta <span style="text-decoration: underline;"><a href="http://www.mercatflors.cat/info_sales_mercat/sala_pb.rar" target="_blank">los planos de la Sala Pina Bausch</a></span></p>
<p>&nbsp;</p>
