{"id":734,"date":"2011-09-12T15:17:11","date_gmt":"2011-09-12T15:17:11","guid":{"rendered":"https:\/\/old.mercatflors.cat\/?page_id=734"},"modified":"2012-10-03T11:46:15","modified_gmt":"2012-10-03T11:46:15","slug":"sala-sg","status":"publish","type":"page","link":"https:\/\/old.mercatflors.cat\/es\/el-mercat\/edificio-y-salas\/sala-sg\/","title":{"rendered":"Sala SG"},"content":{"rendered":"<h2>Sala Sebasti\u00e0 Gasch<\/h2>\n<p>Ubicada en el primer piso del Mercat de les Flors, la sala Sebasti\u00e0 Gasch, con capacidad para 80 personas, acoge principalmente conciertos de peque\u00f1o formato o peque\u00f1as representaciones. Sebasti\u00e0 Gasch (Barcelona, 1897-1980) fue cr\u00edtico de arte y un l\u00facido cronista de las artes del espect\u00e1culo. Su pluma ayud\u00f3 a poner de relieve expresiones esc\u00e9nicas como el circo, el ilusionismo, el music-hall y los t\u00edteres, desterradas por la alta cultura. Compa\u00f1ero de estudios de Joan Mir\u00f3 y amigo epistolar de Federico Garc\u00eda Lorca, Gasch fue el impulsor del <em>Manifest Groc<\/em>, escrito que se opon\u00eda a la cultura novecentista y que tambi\u00e9n firmaron Salvador Dal\u00ed y Llu\u00eds Montany\u00e0. Su pluma se prodig\u00f3 en numerosas publicaciones, entre ellas, la revista <em>Destino<\/em>.<\/p>\n<h2>Planos<\/h2>\n<p>Consulta\u00a0<span style=\"text-decoration: underline;\"><a href=\"http:\/\/www.mercatflors.cat\/info_sales_mercat\/sala_sg.rar\" target=\"_blank\">los planos de la Sala Sebasti\u00e0 Gasch<\/a><\/span><\/p>\n<p>&nbsp;<\/p>\n","protected":false},"excerpt":{"rendered":"<p>Sala Sebasti\u00e0 Gasch Ubicada en el primer piso del Mercat [&hellip;]<\/p>\n","protected":false},"author":1,"featured_media":3849,"parent":724,"menu_order":0,"comment_status":"open","ping_status":"open","template":"","meta":[],"_links":{"self":[{"href":"https:\/\/old.mercatflors.cat\/es\/wp-json\/wp\/v2\/pages\/734\/"}],"collection":[{"href":"https:\/\/old.mercatflors.cat\/es\/wp-json\/wp\/v2\/pages\/"}],"about":[{"href":"https:\/\/old.mercatflors.cat\/es\/wp-json\/wp\/v2\/types\/page\/"}],"author":[{"embeddable":true,"href":"https:\/\/old.mercatflors.cat\/es\/wp-json\/wp\/v2\/users\/1\/"}],"replies":[{"embeddable":true,"href":"https:\/\/old.mercatflors.cat\/es\/wp-json\/wp\/v2\/comments\/?post=734"}],"version-history":[{"count":0,"href":"https:\/\/old.mercatflors.cat\/es\/wp-json\/wp\/v2\/pages\/734\/revisions\/"}],"up":[{"embeddable":true,"href":"https:\/\/old.mercatflors.cat\/es\/wp-json\/wp\/v2\/pages\/724\/"}],"wp:featuredmedia":[{"embeddable":true,"href":"https:\/\/old.mercatflors.cat\/es\/wp-json\/wp\/v2\/media\/3849\/"}],"wp:attachment":[{"href":"https:\/\/old.mercatflors.cat\/es\/wp-json\/wp\/v2\/media\/?parent=734"}],"curies":[{"name":"wp","href":"https:\/\/api.w.org\/{rel}","templated":true}]}}

<h2>Sala Sebastià Gasch</h2>
<p>Ubicada en el primer piso del Mercat de les Flors, la sala Sebastià Gasch, con capacidad para 80 personas, acoge principalmente conciertos de pequeño formato o pequeñas representaciones. Sebastià Gasch (Barcelona, 1897-1980) fue crítico de arte y un lúcido cronista de las artes del espectáculo. Su pluma ayudó a poner de relieve expresiones escénicas como el circo, el ilusionismo, el music-hall y los títeres, desterradas por la alta cultura. Compañero de estudios de Joan Miró y amigo epistolar de Federico García Lorca, Gasch fue el impulsor del <em>Manifest Groc</em>, escrito que se oponía a la cultura novecentista y que también firmaron Salvador Dalí y Lluís Montanyà. Su pluma se prodigó en numerosas publicaciones, entre ellas, la revista <em>Destino</em>.</p>
<h2>Planos</h2>
<p>Consulta <span style="text-decoration: underline;"><a href="http://www.mercatflors.cat/info_sales_mercat/sala_sg.rar" target="_blank">los planos de la Sala Sebastià Gasch</a></span></p>
<p>&nbsp;</p>

<p>Sala Sebastià Gasch Ubicada en el primer piso del Mercat [&hellip;]</p>
