{"id":750,"date":"2010-11-22T15:28:12","date_gmt":"2010-11-22T15:28:12","guid":{"rendered":"https:\/\/old.mercatflors.cat\/?page_id=750"},"modified":"2019-08-28T09:05:24","modified_gmt":"2019-08-28T08:05:24","slug":"presentacion","status":"publish","type":"page","link":"https:\/\/old.mercatflors.cat\/es\/el-mercat\/presentacion\/","title":{"rendered":"Presentaci\u00f3n"},"content":{"rendered":"<ul>\n<li><a href=\"https:\/\/old.mercatflors.cat\/wp-content\/uploads\/2017\/06\/ProjecteAM2017_21.pdf\"><strong>Proyecto de \u00c0ngels Margarit 2017-21<\/strong>Proyecto ganador del concurso p\u00fablico para la Direcci\u00f3n del Mercat de les Flors (octubre 2016)<\/a><\/li>\n<li><strong>Equipo del Mercat<\/strong><a title=\"Equipo del Mercat\" href=\"https:\/\/old.mercatflors.cat\/es\/el-mercat\/presentacion\/equipo-del-mercat\/\">Con\u00f3cenos!<\/a><\/li>\n<li><strong>Historia<\/strong><a title=\"Historia\" href=\"https:\/\/old.mercatflors.cat\/es\/el-mercat\/presentacion\/historia\/\">Sabes qui\u00e9nes fueron los impulsores del Mercat de les Flors como teatro municipal? Sabes cu\u00e1l fue el primer espect\u00e1culo que se represent\u00f3? Entra y desc\u00fabrelo<\/a><\/li>\n<\/ul>\n","protected":false},"excerpt":{"rendered":"<p>Proyecto de \u00c0ngels Margarit 2017-21Proyecto ganador del concurso p\u00fablico para [&hellip;]<\/p>\n","protected":false},"author":1,"featured_media":13617,"parent":711,"menu_order":0,"comment_status":"open","ping_status":"open","template":"template-blocs-grocs.php","meta":[],"_links":{"self":[{"href":"https:\/\/old.mercatflors.cat\/es\/wp-json\/wp\/v2\/pages\/750\/"}],"collection":[{"href":"https:\/\/old.mercatflors.cat\/es\/wp-json\/wp\/v2\/pages\/"}],"about":[{"href":"https:\/\/old.mercatflors.cat\/es\/wp-json\/wp\/v2\/types\/page\/"}],"author":[{"embeddable":true,"href":"https:\/\/old.mercatflors.cat\/es\/wp-json\/wp\/v2\/users\/1\/"}],"replies":[{"embeddable":true,"href":"https:\/\/old.mercatflors.cat\/es\/wp-json\/wp\/v2\/comments\/?post=750"}],"version-history":[{"count":0,"href":"https:\/\/old.mercatflors.cat\/es\/wp-json\/wp\/v2\/pages\/750\/revisions\/"}],"up":[{"embeddable":true,"href":"https:\/\/old.mercatflors.cat\/es\/wp-json\/wp\/v2\/pages\/711\/"}],"wp:featuredmedia":[{"embeddable":true,"href":"https:\/\/old.mercatflors.cat\/es\/wp-json\/wp\/v2\/media\/13617\/"}],"wp:attachment":[{"href":"https:\/\/old.mercatflors.cat\/es\/wp-json\/wp\/v2\/media\/?parent=750"}],"curies":[{"name":"wp","href":"https:\/\/api.w.org\/{rel}","templated":true}]}}

Presentación

<ul>
<li><a href="https://old.mercatflors.cat/wp-content/uploads/2017/06/ProjecteAM2017_21.pdf"><strong>Proyecto de Àngels Margarit 2017-21</strong>Proyecto ganador del concurso público para la Dirección del Mercat de les Flors (octubre 2016)</a></li>
<li><strong>Equipo del Mercat</strong><a title="Equipo del Mercat" href="https://old.mercatflors.cat/es/el-mercat/presentacion/equipo-del-mercat/">Conócenos!</a></li>
<li><strong>Historia</strong><a title="Historia" href="https://old.mercatflors.cat/es/el-mercat/presentacion/historia/">Sabes quiénes fueron los impulsores del Mercat de les Flors como teatro municipal? Sabes cuál fue el primer espectáculo que se representó? Entra y descúbrelo</a></li>
</ul>

<p>Proyecto de Àngels Margarit 2017-21Proyecto ganador del concurso público para [&hellip;]</p>
