{"id":752,"date":"2011-09-12T15:29:29","date_gmt":"2011-09-12T15:29:29","guid":{"rendered":"https:\/\/old.mercatflors.cat\/?page_id=752"},"modified":"2023-05-24T12:17:21","modified_gmt":"2023-05-24T11:17:21","slug":"equipo-del-mercat","status":"publish","type":"page","link":"https:\/\/old.mercatflors.cat\/es\/el-mercat\/presentacion\/equipo-del-mercat\/","title":{"rendered":"Equipo del Mercat"},"content":{"rendered":"<h2>Direcci\u00f3n y contenidos<\/h2>\n<p>Directora\u00a0<strong>\u00c0ngels Margarit<\/strong><\/p>\n<p>Director ejecutivo <strong>Feliu Batll\u00f3<\/strong><\/p>\n<p><strong>Judit Bombard\u00f3, Cristina Gabarr\u00f3, Montserrat Ismael, Marc Oliv\u00e9<\/strong><\/p>\n<h2>Comunicaci\u00f3n<\/h2>\n<p><strong>Val\u00e9rie Bonnotte, Carme Clua, Noel Eduardo, Helena Font, Mireia Mas\u00f3, Merc\u00e8 Ros<\/strong><\/p>\n<h2>Producci\u00f3n<\/h2>\n<p>Jefe de Producci\u00f3n\u00a0<strong>Antoni Tarrida<br \/>\n<\/strong><br \/>\n<strong>Olalla Calvo, Raimon Comas, Victor Cuenca, Lucho Est\u00e9vez, Mariona Garc\u00eda, Jonatan Mart\u00ednez, Pere Milan, \u00d3scar Rodr\u00edguez, Guillem Saura, Marc Vilar<\/strong><\/p>\n<h2>Administraci\u00f3n<\/h2>\n<p>Jefa de Administraci\u00f3n\u00a0<strong>M\u00aa Jos\u00e9 Navarrete<\/strong><\/p>\n<p><strong>Montse Fill\u00f3, Joan Carles Montagut, Llu\u00eds Pern\u00eda<\/strong><\/p>\n<h2>Equipo del Graner<\/h2>\n<p class=\"x_MsoNormal\"><strong>Sonia Fern\u00e1ndez, Paula Moliner, Conchita Pons,\u00a0Raquel Tom\u00e0s<\/strong><\/p>\n<h2>Colaboradores externos<\/h2>\n<ul>\n<li>Audiovisuales\u00a0<strong>N\u00faria Oliv\u00e9<\/strong><\/li>\n<li>Fotos Mercat de les Flors\u00a0<strong>Maika Amuedo, Pau Fabregat, Pep Herrero, Albert Uriach, Rom\u00e1n Y\u00f1\u00e1n<\/strong><\/li>\n<li>Recepci\u00f3n y taquillas\u00a0<strong>Eurotomb<\/strong><\/li>\n<li>Acomodaci\u00f3n <strong>Eurotomb<\/strong><\/li>\n<li>Soporte t\u00e9cnico\u00a0<strong>Focus<\/strong><\/li>\n<li>Inform\u00e1tica <strong>Interwor<\/strong><\/li>\n<li>Servicio de bar\u00a0<strong>La Sole\u00e1<\/strong><\/li>\n<\/ul>\n","protected":false},"excerpt":{"rendered":"<p>Direcci\u00f3n y contenidos Directora\u00a0\u00c0ngels Margarit Director ejecutivo Feliu Batll\u00f3 Judit [&hellip;]<\/p>\n","protected":false},"author":1,"featured_media":0,"parent":750,"menu_order":0,"comment_status":"open","ping_status":"open","template":"","meta":[],"_links":{"self":[{"href":"https:\/\/old.mercatflors.cat\/es\/wp-json\/wp\/v2\/pages\/752\/"}],"collection":[{"href":"https:\/\/old.mercatflors.cat\/es\/wp-json\/wp\/v2\/pages\/"}],"about":[{"href":"https:\/\/old.mercatflors.cat\/es\/wp-json\/wp\/v2\/types\/page\/"}],"author":[{"embeddable":true,"href":"https:\/\/old.mercatflors.cat\/es\/wp-json\/wp\/v2\/users\/1\/"}],"replies":[{"embeddable":true,"href":"https:\/\/old.mercatflors.cat\/es\/wp-json\/wp\/v2\/comments\/?post=752"}],"version-history":[{"count":0,"href":"https:\/\/old.mercatflors.cat\/es\/wp-json\/wp\/v2\/pages\/752\/revisions\/"}],"up":[{"embeddable":true,"href":"https:\/\/old.mercatflors.cat\/es\/wp-json\/wp\/v2\/pages\/750\/"}],"wp:attachment":[{"href":"https:\/\/old.mercatflors.cat\/es\/wp-json\/wp\/v2\/media\/?parent=752"}],"curies":[{"name":"wp","href":"https:\/\/api.w.org\/{rel}","templated":true}]}}

<h2>Dirección y contenidos</h2>
<p>Directora <strong>Àngels Margarit</strong></p>
<p>Director ejecutivo <strong>Feliu Batlló</strong></p>
<p><strong>Judit Bombardó, Cristina Gabarró, Montserrat Ismael, Marc Olivé</strong></p>
<h2>Comunicación</h2>
<p><strong>Valérie Bonnotte, Carme Clua, Noel Eduardo, Helena Font, Mireia Masó, Mercè Ros</strong></p>
<h2>Producción</h2>
<p>Jefe de Producción <strong>Antoni Tarrida<br />
</strong><br />
<strong>Olalla Calvo, Raimon Comas, Victor Cuenca, Lucho Estévez, Mariona García, Jonatan Martínez, Pere Milan, Óscar Rodríguez, Guillem Saura, Marc Vilar</strong></p>
<h2>Administración</h2>
<p>Jefa de Administración <strong>Mª José Navarrete</strong></p>
<p><strong>Montse Filló, Joan Carles Montagut, Lluís Pernía</strong></p>
<h2>Equipo del Graner</h2>
<p class="x_MsoNormal"><strong>Sonia Fernández, Paula Moliner, Conchita Pons, Raquel Tomàs</strong></p>
<h2>Colaboradores externos</h2>
<ul>
<li>Audiovisuales <strong>Núria Olivé</strong></li>
<li>Fotos Mercat de les Flors <strong>Maika Amuedo, Pau Fabregat, Pep Herrero, Albert Uriach, Román Yñán</strong></li>
<li>Recepción y taquillas <strong>Eurotomb</strong></li>
<li>Acomodación <strong>Eurotomb</strong></li>
<li>Soporte técnico <strong>Focus</strong></li>
<li>Informática <strong>Interwor</strong></li>
<li>Servicio de bar <strong>La Soleá</strong></li>
</ul>

<p>Dirección y contenidos Directora Àngels Margarit Director ejecutivo Feliu Batlló Judit [&hellip;]</p>
