{"id":754,"date":"2011-09-12T15:31:39","date_gmt":"2011-09-12T15:31:39","guid":{"rendered":"https:\/\/old.mercatflors.cat\/?page_id=754"},"modified":"2017-12-21T10:55:26","modified_gmt":"2017-12-21T09:55:26","slug":"historia","status":"publish","type":"page","link":"https:\/\/old.mercatflors.cat\/es\/el-mercat\/presentacion\/historia\/","title":{"rendered":"Historia"},"content":{"rendered":"<h2>Un poco de historia<\/h2>\n<p>La historia del Mercat de les Flors como teatro municipal se remonta al a\u00f1o 1983, cuando la entonces regidora de Cultura, Maria Aur\u00e8lia Capmany, y el que era el alcalde de Barcelona, Pasqual Maragall, impulsaron la creaci\u00f3n de este espacio esc\u00e9nico de la ciudad ocupando el edificio novecentista del Palau de l\u2019Agricultura, construido a ra\u00edz de la Exposici\u00f3n Internacional de 1929 en la monta\u00f1a de Montju\u00efc.<\/p>\n<p>A partir del estreno de la obra La tragedia de Carmen, de Peter Brook, el Mercat inici\u00f3 lo que ser\u00eda una imparable exhibici\u00f3n de espect\u00e1culos de creadores internacionales y por descontado, tambi\u00e9n de aqu\u00ed. Brook descubri\u00f3 en el antiguo almac\u00e9n del Palau de l\u2019Agricultura un espacio esc\u00e9nico id\u00f3neo para su obra y de este modo consigui\u00f3 contagiar su entusiasmo a los responsables culturales de la ciudad en aquel momento. A partir de entonces, se iniciaron las obras de acondicionamiento del espacio y el Mercat de les Flors fue inaugurado oficialmente como teatro municipal en 1985 con el estreno de Mahabarata, otra vez con Peter Brook como director.<\/p>\n<p>La gran c\u00fapula de 12 metros de di\u00e1metro que gobierna el vest\u00edbulo del Mercat es obra del artista mallorqu\u00edn Miquel Barcel\u00f3. En 1990, el Consistorio inici\u00f3 la ampliaci\u00f3n del Mercat de les Flors incorporando una nueva sala, el Espacio B, contigua al edificio central del Mercat y que posteriormente se le llamar\u00eda Sala Ovidi Montllor. Este espacio fue derrocado con la construcci\u00f3n del edificio del Institut del Teatre, que cre\u00f3 una nueva sala dentro de sus instalaciones con el mismo nombre y que actualmentw comparte la exhibici\u00f3n con el Mercat. As\u00ed pues, existen tres salas con programaci\u00f3n continuada: la Sala Maria Aur\u00e8lia Capmany, la Sala Ovidi Montllor y la Sala Sebasti\u00e0 Gasch, que acogeactividades de peque\u00f1o formato.<\/p>\n<p>El teatro, desde sus inicios, ha querido ser un referente de la escena en todo tipo de expresi\u00f3n creativa: el teatro, la danza, la m\u00fasica, las performances, el arte media\u2026 Directores como el ya mencionado Peter Brook, Luca Ronconi, Peter Stein, Patrice Ch\u00e9reau, Carlos Marquer\u00ede, Robert Lepage, Tadeusz Kantor, Anatoli Vassiliev, Mario Gas, Calixto Bieito, Roger Bernat, compa\u00f1\u00edas nacionales como La Fura dels Baus, Comediants, Els Joglars, la Cubana, S\u00e8mola Teatre, Sol Pic\u00f3, Mal Pelo, \u00c0ngels Margarit, La Carnicer\u00eda Teatro, Teatro de la Abad\u00eda, internacionales como Phillipe Genty, Wim Vandekeybus, La la la Human Steps, Rosas, festivales como ArtFutura, el Festival \u00c0sia o Primavera Sound, cine con la presencia de directores como Fernando Trueba, Fernando Le\u00f3n, Joaquim Oristrell o Jaume Balaguer\u00f3, m\u00fasica con La Paquera de Jerez, Carlos Santos, Georges Moustaki y tantos otros han hecho del Mercat de les Flors un referente de la escena y la creaci\u00f3n contempor\u00e1nea de nuestro pa\u00eds. Durante su trayectoria han dirigido el Mercat Joan M\u00aa Gual (en dos etapas), Elena Posa, Andreu Morte (tambi\u00e9n en dos ocasions) y Francesc Casades\u00fas. La actual directora es \u00c0ngels Margarit. El Mercat de les Flors forma parte de los equipamientos que configuran la Ciutat del Teatre, donde la pla\u00e7a Margarita Xirgu vertebra los tres espacios teatrales: el mismo Mercat, el Teatre Lliure y el Institut del Teatre.<\/p>\n","protected":false},"excerpt":{"rendered":"<p>Un poco de historia La historia del Mercat de les [&hellip;]<\/p>\n","protected":false},"author":1,"featured_media":0,"parent":750,"menu_order":0,"comment_status":"open","ping_status":"open","template":"","meta":[],"_links":{"self":[{"href":"https:\/\/old.mercatflors.cat\/es\/wp-json\/wp\/v2\/pages\/754\/"}],"collection":[{"href":"https:\/\/old.mercatflors.cat\/es\/wp-json\/wp\/v2\/pages\/"}],"about":[{"href":"https:\/\/old.mercatflors.cat\/es\/wp-json\/wp\/v2\/types\/page\/"}],"author":[{"embeddable":true,"href":"https:\/\/old.mercatflors.cat\/es\/wp-json\/wp\/v2\/users\/1\/"}],"replies":[{"embeddable":true,"href":"https:\/\/old.mercatflors.cat\/es\/wp-json\/wp\/v2\/comments\/?post=754"}],"version-history":[{"count":0,"href":"https:\/\/old.mercatflors.cat\/es\/wp-json\/wp\/v2\/pages\/754\/revisions\/"}],"up":[{"embeddable":true,"href":"https:\/\/old.mercatflors.cat\/es\/wp-json\/wp\/v2\/pages\/750\/"}],"wp:attachment":[{"href":"https:\/\/old.mercatflors.cat\/es\/wp-json\/wp\/v2\/media\/?parent=754"}],"curies":[{"name":"wp","href":"https:\/\/api.w.org\/{rel}","templated":true}]}}

<h2>Un poco de historia</h2>
<p>La historia del Mercat de les Flors como teatro municipal se remonta al año 1983, cuando la entonces regidora de Cultura, Maria Aurèlia Capmany, y el que era el alcalde de Barcelona, Pasqual Maragall, impulsaron la creación de este espacio escénico de la ciudad ocupando el edificio novecentista del Palau de l’Agricultura, construido a raíz de la Exposición Internacional de 1929 en la montaña de Montjuïc.</p>
<p>A partir del estreno de la obra La tragedia de Carmen, de Peter Brook, el Mercat inició lo que sería una imparable exhibición de espectáculos de creadores internacionales y por descontado, también de aquí. Brook descubrió en el antiguo almacén del Palau de l’Agricultura un espacio escénico idóneo para su obra y de este modo consiguió contagiar su entusiasmo a los responsables culturales de la ciudad en aquel momento. A partir de entonces, se iniciaron las obras de acondicionamiento del espacio y el Mercat de les Flors fue inaugurado oficialmente como teatro municipal en 1985 con el estreno de Mahabarata, otra vez con Peter Brook como director.</p>
<p>La gran cúpula de 12 metros de diámetro que gobierna el vestíbulo del Mercat es obra del artista mallorquín Miquel Barceló. En 1990, el Consistorio inició la ampliación del Mercat de les Flors incorporando una nueva sala, el Espacio B, contigua al edificio central del Mercat y que posteriormente se le llamaría Sala Ovidi Montllor. Este espacio fue derrocado con la construcción del edificio del Institut del Teatre, que creó una nueva sala dentro de sus instalaciones con el mismo nombre y que actualmentw comparte la exhibición con el Mercat. Así pues, existen tres salas con programación continuada: la Sala Maria Aurèlia Capmany, la Sala Ovidi Montllor y la Sala Sebastià Gasch, que acogeactividades de pequeño formato.</p>
<p>El teatro, desde sus inicios, ha querido ser un referente de la escena en todo tipo de expresión creativa: el teatro, la danza, la música, las performances, el arte media… Directores como el ya mencionado Peter Brook, Luca Ronconi, Peter Stein, Patrice Chéreau, Carlos Marqueríe, Robert Lepage, Tadeusz Kantor, Anatoli Vassiliev, Mario Gas, Calixto Bieito, Roger Bernat, compañías nacionales como La Fura dels Baus, Comediants, Els Joglars, la Cubana, Sèmola Teatre, Sol Picó, Mal Pelo, Àngels Margarit, La Carnicería Teatro, Teatro de la Abadía, internacionales como Phillipe Genty, Wim Vandekeybus, La la la Human Steps, Rosas, festivales como ArtFutura, el Festival Àsia o Primavera Sound, cine con la presencia de directores como Fernando Trueba, Fernando León, Joaquim Oristrell o Jaume Balagueró, música con La Paquera de Jerez, Carlos Santos, Georges Moustaki y tantos otros han hecho del Mercat de les Flors un referente de la escena y la creación contemporánea de nuestro país. Durante su trayectoria han dirigido el Mercat Joan Mª Gual (en dos etapas), Elena Posa, Andreu Morte (también en dos ocasions) y Francesc Casadesús. La actual directora es Àngels Margarit. El Mercat de les Flors forma parte de los equipamientos que configuran la Ciutat del Teatre, donde la plaça Margarita Xirgu vertebra los tres espacios teatrales: el mismo Mercat, el Teatre Lliure y el Institut del Teatre.</p>
