{"id":758,"date":"2011-09-22T15:35:11","date_gmt":"2011-09-22T15:35:11","guid":{"rendered":"https:\/\/old.mercatflors.cat\/?page_id=758"},"modified":"2019-05-28T12:39:16","modified_gmt":"2019-05-28T11:39:16","slug":"aparcamiento","status":"publish","type":"page","link":"https:\/\/old.mercatflors.cat\/es\/informacion-general\/aparcamiento\/","title":{"rendered":"Aparcamiento"},"content":{"rendered":"<h2>Aparcamiento exclusivo<\/h2>\n<p>Parking exclusivo en la Plaza Margarida Xirgu, desde 1 hora antes del inicio del espect\u00e1culo y hasta dos horas despu\u00e9s de su finalizaci\u00f3n (excepto durante el Festival GREC). <strong>Fuera de este horario, la plaza quedar\u00e1 cerrada y podr\u00e1 actuar el servicio de gr\u00faa.<\/strong><\/p>\n<h2>Parking B:SM Ciutat del Teatre<\/h2>\n<p>C\/ de la Fran\u00e7a Xica, 35. M\u00e1s informaci\u00f3n\u00a0<span style=\"color: #0000ff;\"><a style=\"color: #0000ff;\" href=\"https:\/\/www.aparcamentsbsm.cat\/es\/los-aparcamientos\/aparcament\/ciutat-del-teatre\/\">aqu\u00ed<\/a><\/span>.<\/p>\n<h2>Parking B:SM Rius i Taulet<\/h2>\n<p>Av. Reina Maria Cristina, 16.\u00a0M\u00e1s informaci\u00f3n <span style=\"color: #0000ff;\"><a style=\"color: #0000ff;\" href=\"https:\/\/www.aparcamentsbsm.cat\/es\/los-aparcamientos\/aparcament\/rius-i-taulet-1\/\">aqu\u00ed<\/a><\/span>.<\/p>\n","protected":false},"excerpt":{"rendered":"<p>Aparcamiento exclusivo Parking exclusivo en la Plaza Margarida Xirgu, desde [&hellip;]<\/p>\n","protected":false},"author":1,"featured_media":0,"parent":713,"menu_order":0,"comment_status":"open","ping_status":"open","template":"","meta":[],"_links":{"self":[{"href":"https:\/\/old.mercatflors.cat\/es\/wp-json\/wp\/v2\/pages\/758\/"}],"collection":[{"href":"https:\/\/old.mercatflors.cat\/es\/wp-json\/wp\/v2\/pages\/"}],"about":[{"href":"https:\/\/old.mercatflors.cat\/es\/wp-json\/wp\/v2\/types\/page\/"}],"author":[{"embeddable":true,"href":"https:\/\/old.mercatflors.cat\/es\/wp-json\/wp\/v2\/users\/1\/"}],"replies":[{"embeddable":true,"href":"https:\/\/old.mercatflors.cat\/es\/wp-json\/wp\/v2\/comments\/?post=758"}],"version-history":[{"count":0,"href":"https:\/\/old.mercatflors.cat\/es\/wp-json\/wp\/v2\/pages\/758\/revisions\/"}],"up":[{"embeddable":true,"href":"https:\/\/old.mercatflors.cat\/es\/wp-json\/wp\/v2\/pages\/713\/"}],"wp:attachment":[{"href":"https:\/\/old.mercatflors.cat\/es\/wp-json\/wp\/v2\/media\/?parent=758"}],"curies":[{"name":"wp","href":"https:\/\/api.w.org\/{rel}","templated":true}]}}

<h2>Aparcamiento exclusivo</h2>
<p>Parking exclusivo en la Plaza Margarida Xirgu, desde 1 hora antes del inicio del espectáculo y hasta dos horas después de su finalización (excepto durante el Festival GREC). <strong>Fuera de este horario, la plaza quedará cerrada y podrá actuar el servicio de grúa.</strong></p>
<h2>Parking B:SM Ciutat del Teatre</h2>
<p>C/ de la França Xica, 35. Más información <span style="color: #0000ff;"><a style="color: #0000ff;" href="https://www.aparcamentsbsm.cat/es/los-aparcamientos/aparcament/ciutat-del-teatre/">aquí</a></span>.</p>
<h2>Parking B:SM Rius i Taulet</h2>
<p>Av. Reina Maria Cristina, 16. Más información <span style="color: #0000ff;"><a style="color: #0000ff;" href="https://www.aparcamentsbsm.cat/es/los-aparcamientos/aparcament/rius-i-taulet-1/">aquí</a></span>.</p>
