{"id":761,"date":"2011-09-22T15:38:12","date_gmt":"2011-09-22T15:38:12","guid":{"rendered":"https:\/\/old.mercatflors.cat\/?page_id=761"},"modified":"2019-06-05T12:08:52","modified_gmt":"2019-06-05T11:08:52","slug":"como-llegar","status":"publish","type":"page","link":"https:\/\/old.mercatflors.cat\/es\/informacion-general\/como-llegar\/","title":{"rendered":"C\u00f3mo llegar"},"content":{"rendered":"<p>&nbsp;<\/p>\n<p>&nbsp;<\/p>\n<p><iframe loading=\"lazy\" style=\"border: 0;\" src=\"https:\/\/www.google.com\/maps\/embed?pb=!1m14!1m8!1m3!1d11976.510283519647!2d2.15701!3d41.371313!3m2!1i1024!2i768!4f13.1!3m3!1m2!1s0x0%3A0x14a8741e73176f7a!2sMercat+de+les+Flors!5e0!3m2!1ses!2ses!4v1559732781955!5m2!1ses!2ses\" width=\"600\" height=\"450\" frameborder=\"0\" allowfullscreen=\"allowfullscreen\"><\/iframe><\/p>\n<h2>Mercat de les Flors<\/h2>\n<p>C\/ Lleida, 59. 08004 Barcelona<\/p>\n<p>Horario: de lunes a viernes de 11 a 14h y de 16 a 19h.<\/p>\n<p>Tel. 93 426 18 75 \/ 93 426 01 06<\/p>\n<p><span style=\"color: #0000ff;\"><a style=\"color: #0000ff;\" href=\"publics@mercatflors.cat\">info@mercatflors.cat<\/a><\/span> \/ <span style=\"color: #0000ff;\"><a style=\"color: #0000ff;\" href=\"publics@mercatflors.cat\">publics@mercatflors.cat<\/a><\/span><\/p>\n<h2>Metro<\/h2>\n<p>La parada m\u00e1s cercana al Mercat es la de Poble Sec (L3). Otra opci\u00f3n un poco m\u00e1s lejana es la de Pla\u00e7a Espanya (L1, L3). M\u00e1s informaci\u00f3n en <a title=\"Transports Metropolitans de Barcelona\" href=\"http:\/\/www.tmb.cat\/\" target=\"_blank\" rel=\"noopener noreferrer\">Transports Metropolitans de Barcelona<\/a><\/p>\n<h2>Bus<\/h2>\n<p>El autobus que te deja al pie del Mercat es el n\u00fam. 55. Tambi\u00e9n te dejan cerca las l\u00edneas: D20, H12, H16, 13, 41, 46, 65, 79, 91, 109, 165,\u00a023, V7, V9 y D40<\/p>\n<h2>Ferrocarrils de la Generalitat de Catalunya<\/h2>\n<p>Pla\u00e7a Espanya. M\u00e1s informaci\u00f3n en <span style=\"color: #0000ff;\"><a style=\"color: #0000ff;\" title=\"Ferrocarrils de la Generalitat de Catalunya\" href=\"http:\/\/www.fgc.cat\/cat\/index.asp\" target=\"_blank\" rel=\"noopener noreferrer\">Ferrocarrils de la Generalitat de Catalunya<\/a><\/span><\/p>\n<h2>Bicing<\/h2>\n<p>C\/ de la Fran\u00e7a Xica\u00a0esquina C\/ Ricart<\/p>\n<p>Av. de Rius i Taulet\u00a0esquina C\/ Lleida<\/p>\n<p><span style=\"color: #0000ff;\"><a style=\"color: #0000ff;\" href=\"http:\/\/www.bicing.barcelona\/mapa-de-disponibilitat-provisional\">Consulta el mapa de disponibilidad del Bicing<\/a><\/span><\/p>\n<h2>Parking gratuito<\/h2>\n<p>Parking gratuito en la Plaza Margarida Xirgu des de 1 hora antes y hasta 2 horas despu\u00e9s de la funci\u00f3n. <strong>Fuera de este horario, la plaza estar\u00e1 cerrada y podr\u00e1 actuar el servicio de gr\u00faa.<\/strong><\/p>\n<h2>PARKINGS B:SM<\/h2>\n<p><strong>Ciutat del Teatre:<\/strong> C\/ de la Fran\u00e7a Xica, 35. M\u00e1s informaci\u00f3n\u00a0<span style=\"color: #0000ff;\"><a style=\"color: #0000ff;\" href=\"https:\/\/www.aparcamentsbsm.cat\/es\/los-aparcamientos\/aparcament\/ciutat-del-teatre\/\">aqu\u00ed<\/a><\/span>.<\/p>\n<p><strong>Rius i Taulet:<\/strong>\u00a0Av. Reina Maria Cristina, 16.\u00a0M\u00e1s informaci\u00f3n <span style=\"color: #0000ff;\"><a style=\"color: #0000ff;\" href=\"https:\/\/www.aparcamentsbsm.cat\/es\/los-aparcamientos\/aparcament\/rius-i-taulet-1\/\">aqu\u00ed<\/a><\/span>.<\/p>\n<h2>El Mercat, accesible para todo el mundo<\/h2>\n<p>El Mercat dispone de instalaciones accesibles para todos los ciudadanos:<\/p>\n<p>\u2013 salas (MAC y\u00a0PB) con\u00a0accesos adaptados para personas con\u00a0movilidad reducida<\/p>\n<p>\u2013 localidades reservadas para personas con\u00a0movilidad reducida y\u00a0personas que utilizan silla\u00a0de ruedas: es imprescindible ponerte en contacto\u00a0con nosotros en\u00a0<span style=\"color: #0000ff;\"><a style=\"color: #0000ff;\" href=\"mailto:publics@mercatflors.cat\">publics@mercatflors.cat<\/a><\/span>\u00a0para\u00a0consultar la disponibilidad\u00a0y reservar estos asientos antes de adquirir las entradas<\/p>\n<p>\u2013 ascensores adaptados<\/p>\n<p>\u2013 bucle magn\u00e9tico<\/p>\n<p>\u2013 plazas de aparcamiento reservadas para personas con\u00a0discapacidad<\/p>\n<p>\u2013 atenci\u00f3n personalizada para personas con\u00a0movilidad reducida<\/p>\n","protected":false},"excerpt":{"rendered":"<p>&nbsp; &nbsp; Mercat de les Flors C\/ Lleida, 59. 08004 [&hellip;]<\/p>\n","protected":false},"author":1,"featured_media":4836,"parent":713,"menu_order":0,"comment_status":"open","ping_status":"open","template":"","meta":[],"_links":{"self":[{"href":"https:\/\/old.mercatflors.cat\/es\/wp-json\/wp\/v2\/pages\/761\/"}],"collection":[{"href":"https:\/\/old.mercatflors.cat\/es\/wp-json\/wp\/v2\/pages\/"}],"about":[{"href":"https:\/\/old.mercatflors.cat\/es\/wp-json\/wp\/v2\/types\/page\/"}],"author":[{"embeddable":true,"href":"https:\/\/old.mercatflors.cat\/es\/wp-json\/wp\/v2\/users\/1\/"}],"replies":[{"embeddable":true,"href":"https:\/\/old.mercatflors.cat\/es\/wp-json\/wp\/v2\/comments\/?post=761"}],"version-history":[{"count":0,"href":"https:\/\/old.mercatflors.cat\/es\/wp-json\/wp\/v2\/pages\/761\/revisions\/"}],"up":[{"embeddable":true,"href":"https:\/\/old.mercatflors.cat\/es\/wp-json\/wp\/v2\/pages\/713\/"}],"wp:featuredmedia":[{"embeddable":true,"href":"https:\/\/old.mercatflors.cat\/es\/wp-json\/wp\/v2\/media\/4836\/"}],"wp:attachment":[{"href":"https:\/\/old.mercatflors.cat\/es\/wp-json\/wp\/v2\/media\/?parent=761"}],"curies":[{"name":"wp","href":"https:\/\/api.w.org\/{rel}","templated":true}]}}

Cómo llegar

<p>&nbsp;</p>
<p>&nbsp;</p>
<p><iframe loading="lazy" style="border: 0;" src="https://www.google.com/maps/embed?pb=!1m14!1m8!1m3!1d11976.510283519647!2d2.15701!3d41.371313!3m2!1i1024!2i768!4f13.1!3m3!1m2!1s0x0%3A0x14a8741e73176f7a!2sMercat+de+les+Flors!5e0!3m2!1ses!2ses!4v1559732781955!5m2!1ses!2ses" width="600" height="450" frameborder="0" allowfullscreen="allowfullscreen"></iframe></p>
<h2>Mercat de les Flors</h2>
<p>C/ Lleida, 59. 08004 Barcelona</p>
<p>Horario: de lunes a viernes de 11 a 14h y de 16 a 19h.</p>
<p>Tel. 93 426 18 75 / 93 426 01 06</p>
<p><span style="color: #0000ff;"><a style="color: #0000ff;" href="publics@mercatflors.cat">info@mercatflors.cat</a></span> / <span style="color: #0000ff;"><a style="color: #0000ff;" href="publics@mercatflors.cat">publics@mercatflors.cat</a></span></p>
<h2>Metro</h2>
<p>La parada más cercana al Mercat es la de Poble Sec (L3). Otra opción un poco más lejana es la de Plaça Espanya (L1, L3). Más información en <a title="Transports Metropolitans de Barcelona" href="http://www.tmb.cat/" target="_blank" rel="noopener noreferrer">Transports Metropolitans de Barcelona</a></p>
<h2>Bus</h2>
<p>El autobus que te deja al pie del Mercat es el núm. 55. También te dejan cerca las líneas: D20, H12, H16, 13, 41, 46, 65, 79, 91, 109, 165, 23, V7, V9 y D40</p>
<h2>Ferrocarrils de la Generalitat de Catalunya</h2>
<p>Plaça Espanya. Más información en <span style="color: #0000ff;"><a style="color: #0000ff;" title="Ferrocarrils de la Generalitat de Catalunya" href="http://www.fgc.cat/cat/index.asp" target="_blank" rel="noopener noreferrer">Ferrocarrils de la Generalitat de Catalunya</a></span></p>
<h2>Bicing</h2>
<p>C/ de la França Xica esquina C/ Ricart</p>
<p>Av. de Rius i Taulet esquina C/ Lleida</p>
<p><span style="color: #0000ff;"><a style="color: #0000ff;" href="http://www.bicing.barcelona/mapa-de-disponibilitat-provisional">Consulta el mapa de disponibilidad del Bicing</a></span></p>
<h2>Parking gratuito</h2>
<p>Parking gratuito en la Plaza Margarida Xirgu des de 1 hora antes y hasta 2 horas después de la función. <strong>Fuera de este horario, la plaza estará cerrada y podrá actuar el servicio de grúa.</strong></p>
<h2>PARKINGS B:SM</h2>
<p><strong>Ciutat del Teatre:</strong> C/ de la França Xica, 35. Más información <span style="color: #0000ff;"><a style="color: #0000ff;" href="https://www.aparcamentsbsm.cat/es/los-aparcamientos/aparcament/ciutat-del-teatre/">aquí</a></span>.</p>
<p><strong>Rius i Taulet:</strong> Av. Reina Maria Cristina, 16. Más información <span style="color: #0000ff;"><a style="color: #0000ff;" href="https://www.aparcamentsbsm.cat/es/los-aparcamientos/aparcament/rius-i-taulet-1/">aquí</a></span>.</p>
<h2>El Mercat, accesible para todo el mundo</h2>
<p>El Mercat dispone de instalaciones accesibles para todos los ciudadanos:</p>
<p>– salas (MAC y PB) con accesos adaptados para personas con movilidad reducida</p>
<p>– localidades reservadas para personas con movilidad reducida y personas que utilizan silla de ruedas: es imprescindible ponerte en contacto con nosotros en <span style="color: #0000ff;"><a style="color: #0000ff;" href="mailto:publics@mercatflors.cat">publics@mercatflors.cat</a></span> para consultar la disponibilidad y reservar estos asientos antes de adquirir las entradas</p>
<p>– ascensores adaptados</p>
<p>– bucle magnético</p>
<p>– plazas de aparcamiento reservadas para personas con discapacidad</p>
<p>– atención personalizada para personas con movilidad reducida</p>
