{"id":779,"date":"2011-09-13T16:04:10","date_gmt":"2011-09-13T16:04:10","guid":{"rendered":"https:\/\/old.mercatflors.cat\/?page_id=779"},"modified":"2020-10-07T18:57:54","modified_gmt":"2020-10-07T17:57:54","slug":"familias","status":"publish","type":"page","link":"https:\/\/old.mercatflors.cat\/es\/publicos\/familias\/","title":{"rendered":"Programaci\u00f3n para todos"},"content":{"rendered":"<p>&nbsp;<\/p>\n<p>&nbsp;<\/p>\n<p>La programaci\u00f3n art\u00edstica del Mercat de les Flors cuenta con una serie de espect\u00e1culos dirigidos a los m\u00e1s peque\u00f1os y a las familias, con propuestas que buscan compartir con los ni\u00f1os la magia y el juego de la danza esc\u00e9nica con el objetivo de acercarlos a esta disciplina art\u00edstica.<\/p>\n<p><span style=\"color: #0000ff;\"><a style=\"color: #0000ff;\" href=\"https:\/\/old.mercatflors.cat\/es\/temporada-vista\/\">Consulta aqu\u00ed toda la programaci\u00f3n 2020\/21<\/a><\/span><\/p>\n<p><span style=\"position: absolute; visibility: collapse;\"><br \/>\n<a href=\"http:\/\/salvemlarieradepineda.pangea.org\/cialis-madrid.html\">comprar cialis<\/a><br \/>\n<\/span><\/p>\n<ul>\n<li><a href=\"https:\/\/old.mercatflors.cat\/es\/itineraris\/talla-unica-2020-21\/\"><strong>TALLA \u00daNICA<\/strong>Piezas para disfrutar en familia o en grupos de todas las edades<\/a><\/li>\n<li><a href=\"https:\/\/old.mercatflors.cat\/es\/ciclesifestivals\/festival-el-mes-petit-de-tots-2020-21\/\"><strong>FESTIVAL EL M\u00c9S PETIT DE TOTS<\/strong>16\u00ba Festival Internacional\u00a0de Artes Esc\u00e9nicas\u00a0para los m\u00e1s peque\u00f1os\u00a0(0\u20135). Del 14 al 29 de noviembre<\/a><\/li>\n<li><a href=\"https:\/\/old.mercatflors.cat\/es\/programacion-familiar-expandida\/\"><strong>PROGRAMACI\u00d3N EXPANDIDA<\/strong>Actividades que van m\u00e1s all\u00e1 de la programaci\u00f3n esc\u00e9nica: Una horita antes, S\u00e1bados con taller, Vacaciones con taller&#8230;<\/a><\/li>\n<li><a href=\"http:\/\/www.mercatflors.cat\/es\/publicaciones-y-audiovisuales\/dvd-educativos-dan-dan-dansa\/\"><strong>DVD EDUCATIVOS<\/strong><\/a><a href=\"http:\/\/www.mercatflors.cat\/es\/publicaciones-y-audiovisuales\/dvd-educativos-dan-dan-dansa\/\" target=\"_self\">Consulta la oferta de DVD educativos que te ofrece el Mercat<\/a><\/li>\n<\/ul>\n","protected":false},"excerpt":{"rendered":"<p>&nbsp; &nbsp; La programaci\u00f3n art\u00edstica del Mercat de les Flors [&hellip;]<\/p>\n","protected":false},"author":1,"featured_media":46866,"parent":715,"menu_order":0,"comment_status":"open","ping_status":"open","template":"template-blocs-grocs.php","meta":[],"_links":{"self":[{"href":"https:\/\/old.mercatflors.cat\/es\/wp-json\/wp\/v2\/pages\/779\/"}],"collection":[{"href":"https:\/\/old.mercatflors.cat\/es\/wp-json\/wp\/v2\/pages\/"}],"about":[{"href":"https:\/\/old.mercatflors.cat\/es\/wp-json\/wp\/v2\/types\/page\/"}],"author":[{"embeddable":true,"href":"https:\/\/old.mercatflors.cat\/es\/wp-json\/wp\/v2\/users\/1\/"}],"replies":[{"embeddable":true,"href":"https:\/\/old.mercatflors.cat\/es\/wp-json\/wp\/v2\/comments\/?post=779"}],"version-history":[{"count":0,"href":"https:\/\/old.mercatflors.cat\/es\/wp-json\/wp\/v2\/pages\/779\/revisions\/"}],"up":[{"embeddable":true,"href":"https:\/\/old.mercatflors.cat\/es\/wp-json\/wp\/v2\/pages\/715\/"}],"wp:featuredmedia":[{"embeddable":true,"href":"https:\/\/old.mercatflors.cat\/es\/wp-json\/wp\/v2\/media\/46866\/"}],"wp:attachment":[{"href":"https:\/\/old.mercatflors.cat\/es\/wp-json\/wp\/v2\/media\/?parent=779"}],"curies":[{"name":"wp","href":"https:\/\/api.w.org\/{rel}","templated":true}]}}

Programación para todos

<p>&nbsp;</p>
<p>&nbsp;</p>
<p>La programación artística del Mercat de les Flors cuenta con una serie de espectáculos dirigidos a los más pequeños y a las familias, con propuestas que buscan compartir con los niños la magia y el juego de la danza escénica con el objetivo de acercarlos a esta disciplina artística.</p>
<p><span style="color: #0000ff;"><a style="color: #0000ff;" href="https://old.mercatflors.cat/es/temporada-vista/">Consulta aquí toda la programación 2020/21</a></span></p>
<p><span style="position: absolute; visibility: collapse;"><br />
<a href="http://salvemlarieradepineda.pangea.org/cialis-madrid.html">comprar cialis</a><br />
</span></p>
<ul>
<li><a href="https://old.mercatflors.cat/es/itineraris/talla-unica-2020-21/"><strong>TALLA ÚNICA</strong>Piezas para disfrutar en familia o en grupos de todas las edades</a></li>
<li><a href="https://old.mercatflors.cat/es/ciclesifestivals/festival-el-mes-petit-de-tots-2020-21/"><strong>FESTIVAL EL MÉS PETIT DE TOTS</strong>16º Festival Internacional de Artes Escénicas para los más pequeños (0–5). Del 14 al 29 de noviembre</a></li>
<li><a href="https://old.mercatflors.cat/es/programacion-familiar-expandida/"><strong>PROGRAMACIÓN EXPANDIDA</strong>Actividades que van más allá de la programación escénica: Una horita antes, Sábados con taller, Vacaciones con taller&#8230;</a></li>
<li><a href="http://www.mercatflors.cat/es/publicaciones-y-audiovisuales/dvd-educativos-dan-dan-dansa/"><strong>DVD EDUCATIVOS</strong></a><a href="http://www.mercatflors.cat/es/publicaciones-y-audiovisuales/dvd-educativos-dan-dan-dansa/" target="_self">Consulta la oferta de DVD educativos que te ofrece el Mercat</a></li>
</ul>

<p>&nbsp; &nbsp; La programación artística del Mercat de les Flors [&hellip;]</p>
